Last updated on 2025-10-23 23:49:43 CEST.
| Flavor | Version | Tinstall | Tcheck | Ttotal | Status | Flags |
|---|---|---|---|---|---|---|
| r-devel-linux-x86_64-debian-clang | 1.2 | 3.34 | 37.87 | 41.21 | NOTE | |
| r-devel-linux-x86_64-debian-gcc | 1.2 | 2.29 | 27.29 | 29.58 | NOTE | |
| r-devel-linux-x86_64-fedora-clang | 1.2 | 61.11 | OK | |||
| r-devel-linux-x86_64-fedora-gcc | 1.2 | 60.68 | OK | |||
| r-devel-windows-x86_64 | 1.2 | 4.00 | 59.00 | 63.00 | OK | |
| r-patched-linux-x86_64 | 1.2 | 3.80 | 35.57 | 39.37 | OK | |
| r-release-linux-x86_64 | 1.2 | 3.14 | 35.13 | 38.27 | OK | |
| r-release-macos-arm64 | 1.2 | 1.00 | 19.00 | 20.00 | OK | |
| r-release-macos-x86_64 | 1.2 | 3.00 | 34.00 | 37.00 | OK | |
| r-release-windows-x86_64 | 1.2 | 4.00 | 61.00 | 65.00 | OK | |
| r-oldrel-macos-arm64 | 1.2 | 1.00 | 19.00 | 20.00 | OK | |
| r-oldrel-macos-x86_64 | 1.2 | 2.00 | 27.00 | 29.00 | OK | |
| r-oldrel-windows-x86_64 | 1.2 | 5.00 | 59.00 | 64.00 | OK |
Version: 1.2
Check: CRAN incoming feasibility
Result: NOTE
Maintainer: ‘Kam Hamidieh <khamidieh@gmail.com>’
No Authors@R field in DESCRIPTION.
Please add one, modifying
Authors@R: person(given = "Kam",
family = "Hamidieh",
role = c("aut", "cre"),
email = "khamidieh@gmail.com")
as necessary.
Flavors: r-devel-linux-x86_64-debian-clang, r-devel-linux-x86_64-debian-gcc
These binaries (installable software) and packages are in development.
They may not be fully stable and should be used with caution. We make no claims about them.