Last updated on 2025-07-02 03:50:51 CEST.
Flavor | Version | Tinstall | Tcheck | Ttotal | Status | Flags |
---|---|---|---|---|---|---|
r-devel-linux-x86_64-debian-clang | 1.1.0 | 11.46 | 92.88 | 104.34 | OK | |
r-devel-linux-x86_64-debian-gcc | 1.1.0 | 7.86 | 67.39 | 75.25 | OK | |
r-devel-linux-x86_64-fedora-clang | 1.1.0 | 158.24 | OK | |||
r-devel-linux-x86_64-fedora-gcc | 1.1.0 | 169.13 | OK | |||
r-devel-windows-x86_64 | 1.1.0 | 12.00 | 98.00 | 110.00 | OK | |
r-patched-linux-x86_64 | OK | |||||
r-release-linux-x86_64 | 1.1.0 | 9.19 | 86.44 | 95.63 | OK | |
r-release-macos-arm64 | 1.1.0 | 52.00 | OK | |||
r-release-macos-x86_64 | 1.1.0 | 111.00 | OK | |||
r-release-windows-x86_64 | 1.1.0 | 12.00 | 98.00 | 110.00 | OK | |
r-oldrel-macos-arm64 | 1.1.0 | 50.00 | NOTE | |||
r-oldrel-macos-x86_64 | 1.1.0 | 105.00 | NOTE | |||
r-oldrel-windows-x86_64 | 1.1.0 | 15.00 | 122.00 | 137.00 | NOTE |
Version: 1.1.0
Check: LazyData
Result: NOTE
'LazyData' is specified without a 'data' directory
Flavors: r-oldrel-macos-arm64, r-oldrel-macos-x86_64, r-oldrel-windows-x86_64
These binaries (installable software) and packages are in development.
They may not be fully stable and should be used with caution. We make no claims about them.