Last updated on 2025-05-01 12:49:39 CEST.
Flavor | Version | Tinstall | Tcheck | Ttotal | Status | Flags |
---|---|---|---|---|---|---|
r-devel-linux-x86_64-debian-clang | 2.4.11 | 16.85 | 150.56 | 167.41 | NOTE | |
r-devel-linux-x86_64-debian-gcc | 2.4.11 | 11.69 | 100.41 | 112.10 | NOTE | |
r-devel-linux-x86_64-fedora-clang | 2.4.11 | 279.19 | NOTE | |||
r-devel-linux-x86_64-fedora-gcc | 2.4.11 | 265.51 | NOTE | |||
r-devel-windows-x86_64 | 2.4.11 | 20.00 | 145.00 | 165.00 | NOTE | |
r-patched-linux-x86_64 | 2.4.11 | 18.65 | 139.27 | 157.92 | NOTE | |
r-release-linux-x86_64 | NOTE | |||||
r-release-macos-arm64 | 2.4.11 | 81.00 | NOTE | |||
r-release-macos-x86_64 | 2.4.11 | 161.00 | NOTE | |||
r-release-windows-x86_64 | 2.4.11 | 23.00 | 145.00 | 168.00 | NOTE | |
r-oldrel-macos-arm64 | 2.4.11 | 78.00 | NOTE | |||
r-oldrel-macos-x86_64 | 2.4.11 | 120.00 | NOTE | |||
r-oldrel-windows-x86_64 | 2.4.11 | 24.00 | 196.00 | 220.00 | NOTE |
Version: 2.4.11
Check: Rd files
Result: NOTE
checkRd: (-1) nexml_get.Rd:30: Lost braces in \itemize; meant \describe ?
checkRd: (-1) nexml_get.Rd:31: Lost braces in \itemize; meant \describe ?
checkRd: (-1) nexml_get.Rd:32: Lost braces in \itemize; meant \describe ?
checkRd: (-1) nexml_get.Rd:33: Lost braces in \itemize; meant \describe ?
checkRd: (-1) nexml_get.Rd:34: Lost braces in \itemize; meant \describe ?
checkRd: (-1) nexml_get.Rd:35: Lost braces in \itemize; meant \describe ?
Flavors: r-devel-linux-x86_64-debian-clang, r-devel-linux-x86_64-debian-gcc, r-devel-linux-x86_64-fedora-clang, r-devel-linux-x86_64-fedora-gcc, r-devel-windows-x86_64, r-patched-linux-x86_64, r-release-linux-x86_64, r-release-macos-arm64, r-release-macos-x86_64, r-release-windows-x86_64, r-oldrel-macos-arm64, r-oldrel-macos-x86_64, r-oldrel-windows-x86_64
These binaries (installable software) and packages are in development.
They may not be fully stable and should be used with caution. We make no claims about them.