Last updated on 2025-05-01 17:56:14 CEST.
Flavor | Version | Tinstall | Tcheck | Ttotal | Status | Flags |
---|---|---|---|---|---|---|
r-devel-linux-x86_64-debian-clang | 1.2.3 | 2.15 | 38.55 | 40.70 | NOTE | |
r-devel-linux-x86_64-debian-gcc | 1.2.3 | 1.54 | 28.46 | 30.00 | OK | |
r-devel-linux-x86_64-fedora-clang | 1.2.3 | 65.75 | OK | |||
r-devel-linux-x86_64-fedora-gcc | 1.2.3 | 63.03 | OK | |||
r-devel-windows-x86_64 | 1.2.3 | 3.00 | 51.00 | 54.00 | OK | |
r-patched-linux-x86_64 | 1.2.3 | 2.26 | 36.57 | 38.83 | OK | |
r-release-linux-x86_64 | OK | |||||
r-release-macos-arm64 | 1.2.3 | 22.00 | OK | |||
r-release-macos-x86_64 | 1.2.3 | 37.00 | OK | |||
r-release-windows-x86_64 | 1.2.3 | 3.00 | 52.00 | 55.00 | OK | |
r-oldrel-macos-arm64 | 1.2.3 | 20.00 | OK | |||
r-oldrel-macos-x86_64 | 1.2.3 | 30.00 | OK | |||
r-oldrel-windows-x86_64 | 1.2.3 | 4.00 | 53.00 | 57.00 | OK |
Version: 1.2.3
Check: examples
Result: NOTE
Examples with CPU (user + system) or elapsed time > 5s
user system elapsed
RN_calc_LPV 6.151 0.032 7.825
Flavor: r-devel-linux-x86_64-debian-clang
Version: 1.2.3
Check: examples
Result: NA
user system elapsed
RN_calc_LPV 3.497 0.058 5.215
OK
Flavor: r-devel-linux-x86_64-debian-gcc
These binaries (installable software) and packages are in development.
They may not be fully stable and should be used with caution. We make no claims about them.