CRAN Package Check Results for Package RNifti

Last updated on 2025-10-03 01:49:59 CEST.

Flavor Version Tinstall Tcheck Ttotal Status Flags
r-devel-linux-x86_64-debian-clang 1.8.0 23.36 38.44 61.80 OK
r-devel-linux-x86_64-debian-gcc 1.8.0 21.48 29.49 50.97 OK
r-devel-linux-x86_64-fedora-clang 1.8.0 93.81 OK
r-devel-linux-x86_64-fedora-gcc 1.8.0 113.28 OK
r-devel-windows-x86_64 1.8.0 32.00 79.00 111.00 OK
r-patched-linux-x86_64 1.8.0 26.58 34.84 61.42 OK
r-release-linux-x86_64 1.8.0 27.43 34.94 62.37 OK
r-release-macos-arm64 1.8.0 53.00 OK
r-release-macos-x86_64 1.8.0 68.00 OK
r-release-windows-x86_64 1.8.0 34.00 80.00 114.00 OK
r-oldrel-macos-arm64 1.8.0 63.00 NOTE
r-oldrel-macos-x86_64 1.8.0 120.00 NOTE
r-oldrel-windows-x86_64 1.8.0 32.00 93.00 125.00 OK

Check Details

Version: 1.8.0
Check: installed package size
Result: NOTE installed size is 5.1Mb sub-directories of 1Mb or more: libs 4.0Mb Flavors: r-oldrel-macos-arm64, r-oldrel-macos-x86_64

These binaries (installable software) and packages are in development.
They may not be fully stable and should be used with caution. We make no claims about them.