Last updated on 2025-11-12 12:53:21 CET.
| Flavor | Version | Tinstall | Tcheck | Ttotal | Status | Flags |
|---|---|---|---|---|---|---|
| r-devel-linux-x86_64-debian-clang | 2.8.4 | 359.31 | 51.71 | 411.02 | OK | |
| r-devel-linux-x86_64-debian-gcc | 2.8.4 | 268.14 | 48.82 | 316.96 | OK | |
| r-devel-linux-x86_64-fedora-clang | 2.8.4 | 485.00 | 287.03 | 772.03 | OK | |
| r-devel-linux-x86_64-fedora-gcc | 2.8.4 | 513.00 | 283.74 | 796.74 | OK | |
| r-devel-windows-x86_64 | 2.8.4 | 422.00 | 103.00 | 525.00 | OK | |
| r-patched-linux-x86_64 | 2.8.4 | 381.60 | 61.51 | 443.11 | OK | |
| r-release-linux-x86_64 | 2.8.4 | 380.73 | 63.35 | 444.08 | OK | |
| r-release-macos-arm64 | 2.8.4 | 131.00 | 25.00 | 156.00 | OK | |
| r-release-macos-x86_64 | 2.8.4 | 143.00 | 40.00 | 183.00 | OK | |
| r-release-windows-x86_64 | 2.8.4 | 407.00 | 105.00 | 512.00 | OK | |
| r-oldrel-macos-arm64 | 2.8.4 | 133.00 | 25.00 | 158.00 | NOTE | |
| r-oldrel-macos-x86_64 | 2.8.4 | 125.00 | 59.00 | 184.00 | NOTE | |
| r-oldrel-windows-x86_64 | 2.8.4 | 479.00 | 127.00 | 606.00 | NOTE |
Version: 2.8.4
Check: installed package size
Result: NOTE
installed size is 119.5Mb
sub-directories of 1Mb or more:
extdata 2.0Mb
libs 117.3Mb
Flavors: r-oldrel-macos-arm64, r-oldrel-macos-x86_64, r-oldrel-windows-x86_64
These binaries (installable software) and packages are in development.
They may not be fully stable and should be used with caution. We make no claims about them.