Last updated on 2025-10-03 01:49:59 CEST.
Flavor | Version | Tinstall | Tcheck | Ttotal | Status | Flags |
---|---|---|---|---|---|---|
r-devel-linux-x86_64-debian-clang | 2.8.4 | 352.41 | 51.42 | 403.83 | OK | |
r-devel-linux-x86_64-debian-gcc | 2.8.4 | 268.56 | 48.13 | 316.69 | OK | |
r-devel-linux-x86_64-fedora-clang | 2.8.4 | 762.87 | OK | |||
r-devel-linux-x86_64-fedora-gcc | 2.8.4 | 813.58 | OK | |||
r-devel-windows-x86_64 | 2.8.4 | 409.00 | 109.00 | 518.00 | OK | |
r-patched-linux-x86_64 | 2.8.4 | 372.83 | 61.78 | 434.61 | OK | |
r-release-linux-x86_64 | 2.8.4 | 384.32 | 61.35 | 445.67 | OK | |
r-release-macos-arm64 | 2.8.4 | 156.00 | OK | |||
r-release-macos-x86_64 | 2.8.4 | 183.00 | OK | |||
r-release-windows-x86_64 | 2.8.4 | 405.00 | 108.00 | 513.00 | OK | |
r-oldrel-macos-arm64 | 2.8.4 | 158.00 | NOTE | |||
r-oldrel-macos-x86_64 | 2.8.4 | 184.00 | NOTE | |||
r-oldrel-windows-x86_64 | 2.8.4 | 489.00 | 127.00 | 616.00 | NOTE |
Version: 2.8.4
Check: installed package size
Result: NOTE
installed size is 119.5Mb
sub-directories of 1Mb or more:
extdata 2.0Mb
libs 117.3Mb
Flavors: r-oldrel-macos-arm64, r-oldrel-macos-x86_64, r-oldrel-windows-x86_64
These binaries (installable software) and packages are in development.
They may not be fully stable and should be used with caution. We make no claims about them.