Last updated on 2025-07-02 03:50:51 CEST.
Flavor | Version | Tinstall | Tcheck | Ttotal | Status | Flags |
---|---|---|---|---|---|---|
r-devel-linux-x86_64-debian-clang | 2.8.4 | 375.45 | 51.11 | 426.56 | OK | |
r-devel-linux-x86_64-debian-gcc | 2.8.4 | 281.65 | 48.08 | 329.73 | OK | |
r-devel-linux-x86_64-fedora-clang | 2.8.4 | 859.68 | OK | |||
r-devel-linux-x86_64-fedora-gcc | 2.8.4 | 801.06 | OK | |||
r-devel-windows-x86_64 | 2.8.4 | 406.00 | 108.00 | 514.00 | OK | |
r-patched-linux-x86_64 | OK | |||||
r-release-linux-x86_64 | 2.8.4 | 378.30 | 61.15 | 439.45 | OK | |
r-release-macos-arm64 | 2.8.4 | 156.00 | OK | |||
r-release-macos-x86_64 | 2.8.4 | 183.00 | OK | |||
r-release-windows-x86_64 | 2.8.4 | 412.00 | 110.00 | 522.00 | OK | |
r-oldrel-macos-arm64 | 2.8.4 | 158.00 | NOTE | |||
r-oldrel-macos-x86_64 | 2.8.4 | 184.00 | NOTE | |||
r-oldrel-windows-x86_64 | 2.8.4 | 482.00 | 126.00 | 608.00 | NOTE |
Version: 2.8.4
Check: installed package size
Result: NOTE
installed size is 119.5Mb
sub-directories of 1Mb or more:
extdata 2.0Mb
libs 117.3Mb
Flavors: r-oldrel-macos-arm64, r-oldrel-macos-x86_64, r-oldrel-windows-x86_64
These binaries (installable software) and packages are in development.
They may not be fully stable and should be used with caution. We make no claims about them.