CRAN Package Check Results for Package ROCFTP.MMS

Last updated on 2025-07-19 21:49:47 CEST.

Flavor Version Tinstall Tcheck Ttotal Status Flags
r-devel-linux-x86_64-debian-clang 1.0.0 2.51 26.27 28.78 NOTE
r-devel-linux-x86_64-debian-gcc 1.0.0 1.94 22.14 24.08 NOTE
r-devel-linux-x86_64-fedora-clang 1.0.0 43.38 NOTE
r-devel-linux-x86_64-fedora-gcc 1.0.0 42.03 NOTE
r-devel-windows-x86_64 1.0.0 3.00 45.00 48.00 NOTE
r-patched-linux-x86_64 1.0.0 2.54 24.48 27.02 NOTE
r-release-linux-x86_64 1.0.0 2.24 24.26 26.50 NOTE
r-release-macos-arm64 1.0.0 23.00 NOTE
r-release-macos-x86_64 1.0.0 29.00 NOTE
r-release-windows-x86_64 1.0.0 3.00 44.00 47.00 NOTE
r-oldrel-macos-arm64 1.0.0 17.00 NOTE
r-oldrel-macos-x86_64 1.0.0 24.00 NOTE
r-oldrel-windows-x86_64 1.0.0 5.00 51.00 56.00 NOTE

Check Details

Version: 1.0.0
Check: package subdirectories
Result: NOTE Problems with news in ‘NEWS.md’: No news entries found. Flavors: r-devel-linux-x86_64-debian-clang, r-devel-linux-x86_64-debian-gcc, r-devel-linux-x86_64-fedora-clang, r-devel-linux-x86_64-fedora-gcc, r-devel-windows-x86_64, r-patched-linux-x86_64, r-release-linux-x86_64, r-release-macos-arm64, r-release-macos-x86_64, r-release-windows-x86_64, r-oldrel-macos-arm64, r-oldrel-macos-x86_64, r-oldrel-windows-x86_64

These binaries (installable software) and packages are in development.
They may not be fully stable and should be used with caution. We make no claims about them.