Last updated on 2025-05-01 12:49:39 CEST.
Flavor | Version | Tinstall | Tcheck | Ttotal | Status | Flags |
---|---|---|---|---|---|---|
r-devel-linux-x86_64-debian-clang | 1.0-11 | 3.27 | 126.19 | 129.46 | NOTE | |
r-devel-linux-x86_64-debian-gcc | 1.0-11 | 3.54 | 80.96 | 84.50 | NOTE | |
r-devel-linux-x86_64-fedora-clang | 1.0-11 | 195.19 | NOTE | |||
r-devel-linux-x86_64-fedora-gcc | 1.0-11 | 203.94 | NOTE | |||
r-devel-windows-x86_64 | 1.0-11 | 6.00 | 129.00 | 135.00 | NOTE | |
r-patched-linux-x86_64 | 1.0-11 | 3.90 | 116.71 | 120.61 | NOTE | |
r-release-linux-x86_64 | NOTE | |||||
r-release-macos-arm64 | 1.0-11 | 78.00 | NOTE | |||
r-release-macos-x86_64 | 1.0-11 | 146.00 | NOTE | |||
r-release-windows-x86_64 | 1.0-11 | 6.00 | 128.00 | 134.00 | NOTE | |
r-oldrel-macos-arm64 | 1.0-11 | 57.00 | NOTE | |||
r-oldrel-macos-x86_64 | 1.0-11 | 96.00 | NOTE | |||
r-oldrel-windows-x86_64 | 1.0-11 | 7.00 | 160.00 | 167.00 | NOTE |
Version: 1.0-11
Check: CRAN incoming feasibility
Result: NOTE
Maintainer: ‘Felix G.M. Ernst <felix.gm.ernst@outlook.com>’
Package CITATION file contains call(s) to old-style personList() or
as.personList(). Please use c() on person objects instead.
Flavors: r-devel-linux-x86_64-debian-clang, r-devel-linux-x86_64-debian-gcc
Version: 1.0-11
Check: Rd files
Result: NOTE
checkRd: (-1) performance.Rd:35: Escaped LaTeX specials: \#
checkRd: (-1) performance.Rd:36: Escaped LaTeX specials: \# \# \#
checkRd: (-1) performance.Rd:37: Escaped LaTeX specials: \# \#
Flavors: r-devel-linux-x86_64-debian-clang, r-devel-linux-x86_64-debian-gcc, r-devel-linux-x86_64-fedora-clang, r-devel-linux-x86_64-fedora-gcc, r-devel-windows-x86_64, r-patched-linux-x86_64, r-release-linux-x86_64, r-release-macos-arm64, r-release-macos-x86_64, r-release-windows-x86_64, r-oldrel-macos-arm64, r-oldrel-macos-x86_64, r-oldrel-windows-x86_64
These binaries (installable software) and packages are in development.
They may not be fully stable and should be used with caution. We make no claims about them.