Last updated on 2025-07-02 03:50:51 CEST.
Flavor | Version | Tinstall | Tcheck | Ttotal | Status | Flags |
---|---|---|---|---|---|---|
r-devel-linux-x86_64-debian-clang | 1.0-1 | 6.29 | 492.46 | 498.75 | NOTE | |
r-devel-linux-x86_64-debian-gcc | 1.0-1 | 4.22 | 302.37 | 306.59 | NOTE | |
r-devel-linux-x86_64-fedora-clang | 1.0-1 | 75.55 | NOTE | |||
r-devel-linux-x86_64-fedora-gcc | 1.0-1 | 75.34 | NOTE | |||
r-devel-windows-x86_64 | 1.0-1 | 39.00 | 339.00 | 378.00 | NOTE | |
r-patched-linux-x86_64 | NOTE | |||||
r-release-linux-x86_64 | 1.0-1 | 6.03 | 453.09 | 459.12 | NOTE | |
r-release-macos-arm64 | 1.0-1 | 25.00 | NOTE | |||
r-release-macos-x86_64 | 1.0-1 | 45.00 | NOTE | |||
r-release-windows-x86_64 | 1.0-1 | 44.00 | 342.00 | 386.00 | NOTE | |
r-oldrel-macos-arm64 | 1.0-1 | 26.00 | NOTE | |||
r-oldrel-macos-x86_64 | 1.0-1 | 36.00 | NOTE | |||
r-oldrel-windows-x86_64 | 1.0-1 | 56.00 | 470.00 | 526.00 | NOTE |
Version: 1.0-1
Check: Rd files
Result: NOTE
checkRd: (-1) ROI_plugin_build_equality_constraints.Rd:27: Lost braces in \enumerate; meant \describe ?
checkRd: (-1) ROI_plugin_build_equality_constraints.Rd:28: Lost braces in \enumerate; meant \describe ?
checkRd: (-1) ROI_plugin_build_inequality_constraints.Rd:27: Lost braces in \enumerate; meant \describe ?
checkRd: (-1) ROI_plugin_build_inequality_constraints.Rd:28: Lost braces in \enumerate; meant \describe ?
checkRd: (-1) ROI_plugin_build_inequality_constraints.Rd:29: Lost braces in \enumerate; meant \describe ?
checkRd: (-1) ROI_solve.Rd:26: Lost braces in \itemize; \value handles \item{}{} directly
checkRd: (-1) ROI_solve.Rd:27: Lost braces in \itemize; \value handles \item{}{} directly
checkRd: (-1) ROI_solve.Rd:28-30: Lost braces in \itemize; \value handles \item{}{} directly
checkRd: (-1) ROI_solve.Rd:31: Lost braces in \itemize; \value handles \item{}{} directly
Flavors: r-devel-linux-x86_64-debian-clang, r-devel-linux-x86_64-debian-gcc, r-devel-linux-x86_64-fedora-clang, r-devel-linux-x86_64-fedora-gcc, r-devel-windows-x86_64, r-patched-linux-x86_64, r-release-linux-x86_64, r-release-macos-arm64, r-release-macos-x86_64, r-release-windows-x86_64, r-oldrel-macos-arm64, r-oldrel-macos-x86_64, r-oldrel-windows-x86_64
These binaries (installable software) and packages are in development.
They may not be fully stable and should be used with caution. We make no claims about them.