Last updated on 2025-05-23 11:56:05 CEST.
Flavor | Version | Tinstall | Tcheck | Ttotal | Status | Flags |
---|---|---|---|---|---|---|
r-devel-linux-x86_64-debian-clang | 0.3 | 11.22 | 126.40 | 137.62 | NOTE | |
r-devel-linux-x86_64-debian-gcc | 0.3 | 6.39 | 80.77 | 87.16 | NOTE | |
r-devel-linux-x86_64-fedora-clang | 0.3 | 224.35 | OK | |||
r-devel-linux-x86_64-fedora-gcc | 0.3 | 219.73 | OK | |||
r-devel-windows-x86_64 | 0.3 | 9.00 | 151.00 | 160.00 | OK | |
r-patched-linux-x86_64 | 0.3 | 10.21 | 117.05 | 127.26 | OK | |
r-release-linux-x86_64 | 0.3 | 8.20 | 118.00 | 126.20 | OK | |
r-release-macos-arm64 | 0.3 | 48.00 | OK | |||
r-release-macos-x86_64 | 0.3 | 94.00 | OK | |||
r-release-windows-x86_64 | 0.3 | 11.00 | 151.00 | 162.00 | OK | |
r-oldrel-macos-arm64 | 0.3 | 43.00 | OK | |||
r-oldrel-macos-x86_64 | 0.3 | 74.00 | OK | |||
r-oldrel-windows-x86_64 | 0.3 | 9.00 | 137.00 | 146.00 | OK |
Version: 0.3
Check: CRAN incoming feasibility
Result: NOTE
Maintainer: ‘Benjamin Schwendinger <benjaminschwe@gmail.com>’
No Authors@R field in DESCRIPTION.
Please add one, modifying
Authors@R: person(given = "Benjamin",
family = "Schwendinger",
role = c("aut", "cre"),
email = "benjaminschwe@gmail.com")
as necessary.
Flavors: r-devel-linux-x86_64-debian-clang, r-devel-linux-x86_64-debian-gcc
These binaries (installable software) and packages are in development.
They may not be fully stable and should be used with caution. We make no claims about them.