Last updated on 2025-10-03 15:50:01 CEST.
Flavor | Version | Tinstall | Tcheck | Ttotal | Status | Flags |
---|---|---|---|---|---|---|
r-devel-linux-x86_64-debian-clang | 0.3 | 7.79 | 126.27 | 134.06 | NOTE | |
r-devel-linux-x86_64-debian-gcc | 0.3 | 6.85 | 80.66 | 87.51 | NOTE | |
r-devel-linux-x86_64-fedora-clang | 0.3 | 225.01 | OK | |||
r-devel-linux-x86_64-fedora-gcc | 0.3 | 234.04 | OK | |||
r-devel-windows-x86_64 | 0.3 | 10.00 | 115.00 | 125.00 | OK | |
r-patched-linux-x86_64 | 0.3 | 9.84 | 119.58 | 129.42 | OK | |
r-release-linux-x86_64 | 0.3 | 9.57 | 117.99 | 127.56 | OK | |
r-release-macos-arm64 | 0.3 | 48.00 | OK | |||
r-release-macos-x86_64 | 0.3 | 94.00 | OK | |||
r-release-windows-x86_64 | 0.3 | 10.00 | 111.00 | 121.00 | OK | |
r-oldrel-macos-arm64 | 0.3 | 43.00 | OK | |||
r-oldrel-macos-x86_64 | 0.3 | 74.00 | OK | |||
r-oldrel-windows-x86_64 | 0.3 | 11.00 | 137.00 | 148.00 | OK |
Version: 0.3
Check: CRAN incoming feasibility
Result: NOTE
Maintainer: ‘Benjamin Schwendinger <benjaminschwe@gmail.com>’
No Authors@R field in DESCRIPTION.
Please add one, modifying
Authors@R: person(given = "Benjamin",
family = "Schwendinger",
role = c("aut", "cre"),
email = "benjaminschwe@gmail.com")
as necessary.
Flavors: r-devel-linux-x86_64-debian-clang, r-devel-linux-x86_64-debian-gcc
These binaries (installable software) and packages are in development.
They may not be fully stable and should be used with caution. We make no claims about them.