Last updated on 2025-11-16 07:49:48 CET.
| Flavor | Version | Tinstall | Tcheck | Ttotal | Status | Flags |
|---|---|---|---|---|---|---|
| r-devel-linux-x86_64-debian-clang | 0.3 | 8.96 | 124.32 | 133.28 | NOTE | |
| r-devel-linux-x86_64-debian-gcc | 0.3 | 6.96 | 81.74 | 88.70 | NOTE | |
| r-devel-linux-x86_64-fedora-clang | 0.3 | 23.00 | 204.60 | 227.60 | OK | |
| r-devel-linux-x86_64-fedora-gcc | 0.3 | 23.00 | 192.36 | 215.36 | OK | |
| r-devel-windows-x86_64 | 0.3 | 12.00 | 109.00 | 121.00 | OK | |
| r-patched-linux-x86_64 | 0.3 | 8.91 | 118.25 | 127.16 | OK | |
| r-release-linux-x86_64 | 0.3 | 8.24 | 119.43 | 127.67 | OK | |
| r-release-macos-arm64 | 0.3 | 4.00 | 44.00 | 48.00 | OK | |
| r-release-macos-x86_64 | 0.3 | 8.00 | 86.00 | 94.00 | OK | |
| r-release-windows-x86_64 | 0.3 | 9.00 | 109.00 | 118.00 | OK | |
| r-oldrel-macos-arm64 | 0.3 | 4.00 | 39.00 | 43.00 | OK | |
| r-oldrel-macos-x86_64 | 0.3 | 6.00 | 68.00 | 74.00 | OK | |
| r-oldrel-windows-x86_64 | 0.3 | 7.00 | 133.00 | 140.00 | OK |
Version: 0.3
Check: CRAN incoming feasibility
Result: NOTE
Maintainer: ‘Benjamin Schwendinger <benjaminschwe@gmail.com>’
No Authors@R field in DESCRIPTION.
Please add one, modifying
Authors@R: person(given = "Benjamin",
family = "Schwendinger",
role = c("aut", "cre"),
email = "benjaminschwe@gmail.com")
as necessary.
Flavors: r-devel-linux-x86_64-debian-clang, r-devel-linux-x86_64-debian-gcc
These binaries (installable software) and packages are in development.
They may not be fully stable and should be used with caution. We make no claims about them.