Last updated on 2025-07-22 19:51:59 CEST.
Flavor | Version | Tinstall | Tcheck | Ttotal | Status | Flags |
---|---|---|---|---|---|---|
r-devel-linux-x86_64-debian-clang | 0.3.9 | 11.31 | 30.62 | 41.93 | NOTE | |
r-devel-linux-x86_64-debian-gcc | 0.3.9 | 8.15 | 23.50 | 31.65 | NOTE | |
r-devel-linux-x86_64-fedora-clang | 0.3.9 | 63.76 | OK | |||
r-devel-linux-x86_64-fedora-gcc | 0.3.9 | 60.95 | OK | |||
r-devel-windows-x86_64 | 0.3.9 | 11.00 | 58.00 | 69.00 | OK | |
r-patched-linux-x86_64 | 0.3.9 | 11.26 | 28.66 | 39.92 | OK | |
r-release-linux-x86_64 | 0.3.9 | 8.33 | 28.48 | 36.81 | OK | |
r-release-macos-arm64 | 0.3.9 | 25.00 | OK | |||
r-release-macos-x86_64 | 0.3.9 | 45.00 | OK | |||
r-release-windows-x86_64 | 0.3.9 | 11.00 | 54.00 | 65.00 | OK | |
r-oldrel-macos-arm64 | 0.3.9 | 22.00 | OK | |||
r-oldrel-macos-x86_64 | 0.3.9 | 33.00 | OK | |||
r-oldrel-windows-x86_64 | 0.3.9 | 14.00 | 56.00 | 70.00 | OK |
Version: 0.3.9
Check: CRAN incoming feasibility
Result: NOTE
Maintainer: ‘Yoann Robin <yoann.robin.k@gmail.com>’
The Description field contains
generator, see Mezzadri, F. (2007) <arXiv:math-ph/0609050>.
Please refer to arXiv e-prints via their arXiv DOI <doi:10.48550/arXiv.YYMM.NNNNN>.
Flavors: r-devel-linux-x86_64-debian-clang, r-devel-linux-x86_64-debian-gcc
These binaries (installable software) and packages are in development.
They may not be fully stable and should be used with caution. We make no claims about them.