Last updated on 2025-10-24 01:50:38 CEST.
| Flavor | Version | Tinstall | Tcheck | Ttotal | Status | Flags |
|---|---|---|---|---|---|---|
| r-devel-linux-x86_64-debian-clang | 0.0-4 | 2.12 | 24.93 | 27.05 | NOTE | |
| r-devel-linux-x86_64-debian-gcc | 0.0-4 | 1.69 | 19.72 | 21.41 | NOTE | |
| r-devel-linux-x86_64-fedora-clang | 0.0-4 | 40.40 | OK | |||
| r-devel-linux-x86_64-fedora-gcc | 0.0-4 | 38.54 | OK | |||
| r-devel-windows-x86_64 | 0.0-4 | 4.00 | 44.00 | 48.00 | OK | |
| r-patched-linux-x86_64 | 0.0-4 | 2.41 | 23.54 | 25.95 | OK | |
| r-release-linux-x86_64 | 0.0-4 | 2.29 | 23.48 | 25.77 | OK | |
| r-release-macos-arm64 | 0.0-4 | 1.00 | 16.00 | 17.00 | OK | |
| r-release-macos-x86_64 | 0.0-4 | 2.00 | 26.00 | 28.00 | OK | |
| r-release-windows-x86_64 | 0.0-4 | 5.00 | 46.00 | 51.00 | OK | |
| r-oldrel-macos-arm64 | 0.0-4 | 1.00 | 15.00 | 16.00 | OK | |
| r-oldrel-macos-x86_64 | 0.0-4 | 2.00 | 21.00 | 23.00 | OK | |
| r-oldrel-windows-x86_64 | 0.0-4 | 4.00 | 50.00 | 54.00 | OK |
Version: 0.0-4
Check: CRAN incoming feasibility
Result: NOTE
Maintainer: ‘Nicola Lunardon <nicola.lunardon@unimib.it>’
No Authors@R field in DESCRIPTION.
Please add one, modifying
Authors@R: c(person(given = "Nicola",
family = "Lunardon",
role = c("aut", "cre"),
email = "nicola.lunardon@unimib.it"),
person(given = "Giovanna",
family = "Menardi",
role = "aut"),
person(given = "Nicola",
family = "Torelli",
role = "aut"))
as necessary.
Package CITATION file contains call(s) to old-style personList() or
as.personList(). Please use c() on person objects instead.
Package CITATION file contains call(s) to old-style citEntry(). Please
use bibentry() instead.
Flavors: r-devel-linux-x86_64-debian-clang, r-devel-linux-x86_64-debian-gcc
These binaries (installable software) and packages are in development.
They may not be fully stable and should be used with caution. We make no claims about them.