CRAN Package Check Results for Package ROpenDota

Last updated on 2025-05-02 16:55:48 CEST.

Flavor Version Tinstall Tcheck Ttotal Status Flags
r-devel-linux-x86_64-debian-clang 0.1.2 2.61 25.99 28.60 OK
r-devel-linux-x86_64-debian-gcc 0.1.2 1.89 20.73 22.62 OK
r-devel-linux-x86_64-fedora-clang 0.1.2 42.29 OK
r-devel-linux-x86_64-fedora-gcc 0.1.2 41.47 OK
r-devel-windows-x86_64 0.1.2 4.00 49.00 53.00 OK
r-patched-linux-x86_64 0.1.2 2.93 23.98 26.91 OK
r-release-linux-x86_64 OK
r-release-macos-arm64 0.1.2 18.00 OK
r-release-macos-x86_64 0.1.2 30.00 OK
r-release-windows-x86_64 0.1.2 3.00 47.00 50.00 OK
r-oldrel-macos-arm64 0.1.2 17.00 NOTE
r-oldrel-macos-x86_64 0.1.2 25.00 NOTE
r-oldrel-windows-x86_64 0.1.2 3.00 50.00 53.00 NOTE

Check Details

Version: 0.1.2
Check: LazyData
Result: NOTE 'LazyData' is specified without a 'data' directory Flavors: r-oldrel-macos-arm64, r-oldrel-macos-x86_64, r-oldrel-windows-x86_64

These binaries (installable software) and packages are in development.
They may not be fully stable and should be used with caution. We make no claims about them.