CRAN Package Check Results for Package ROpenDota

Last updated on 2025-02-16 10:50:57 CET.

Flavor Version Tinstall Tcheck Ttotal Status Flags
r-devel-linux-x86_64-debian-clang 0.1.2 2.70 24.24 26.94 OK
r-devel-linux-x86_64-debian-gcc 0.1.2 2.07 19.38 21.45 OK
r-devel-linux-x86_64-fedora-clang 0.1.2 43.49 OK
r-devel-linux-x86_64-fedora-gcc 0.1.2 40.30 OK
r-devel-macos-arm64 0.1.2 18.00 OK
r-devel-macos-x86_64 0.1.2 28.00 OK
r-devel-windows-x86_64 0.1.2 4.00 46.00 50.00 OK
r-patched-linux-x86_64 0.1.2 2.80 23.02 25.82 NOTE
r-release-linux-x86_64 0.1.2 2.59 23.15 25.74 NOTE
r-release-macos-arm64 0.1.2 17.00 NOTE
r-release-macos-x86_64 0.1.2 25.00 NOTE
r-release-windows-x86_64 0.1.2 3.00 46.00 49.00 NOTE
r-oldrel-macos-arm64 0.1.2 23.00 NOTE
r-oldrel-macos-x86_64 0.1.2 23.00 NOTE
r-oldrel-windows-x86_64 0.1.2 3.00 50.00 53.00 NOTE

Check Details

Version: 0.1.2
Check: LazyData
Result: NOTE 'LazyData' is specified without a 'data' directory Flavors: r-patched-linux-x86_64, r-release-linux-x86_64, r-release-macos-arm64, r-release-macos-x86_64, r-release-windows-x86_64, r-oldrel-macos-arm64, r-oldrel-macos-x86_64, r-oldrel-windows-x86_64

These binaries (installable software) and packages are in development.
They may not be fully stable and should be used with caution. We make no claims about them.