Last updated on 2025-02-16 10:50:57 CET.
Flavor | Version | Tinstall | Tcheck | Ttotal | Status | Flags |
---|---|---|---|---|---|---|
r-devel-linux-x86_64-debian-clang | 0.2.8 | 1.75 | 20.83 | 22.58 | OK | |
r-devel-linux-x86_64-debian-gcc | 0.2.8 | 1.46 | 17.22 | 18.68 | OK | |
r-devel-linux-x86_64-fedora-clang | 0.2.8 | 36.99 | OK | |||
r-devel-linux-x86_64-fedora-gcc | 0.2.8 | 34.50 | OK | |||
r-devel-macos-arm64 | 0.2.8 | 24.00 | OK | |||
r-devel-macos-x86_64 | 0.2.8 | 30.00 | OK | |||
r-devel-windows-x86_64 | 0.2.8 | 3.00 | 43.00 | 46.00 | OK | |
r-patched-linux-x86_64 | 0.2.8 | 1.69 | 19.89 | 21.58 | NOTE | |
r-release-linux-x86_64 | 0.2.8 | 1.71 | 19.84 | 21.55 | NOTE | |
r-release-macos-arm64 | 0.2.8 | 18.00 | NOTE | |||
r-release-macos-x86_64 | 0.2.8 | 28.00 | NOTE | |||
r-release-windows-x86_64 | 0.2.8 | 4.00 | 44.00 | 48.00 | NOTE | |
r-oldrel-macos-arm64 | 0.2.8 | 17.00 | NOTE | |||
r-oldrel-macos-x86_64 | 0.2.8 | 25.00 | NOTE | |||
r-oldrel-windows-x86_64 | 0.2.8 | 3.00 | 46.00 | 49.00 | NOTE |
Version: 0.2.8
Check: LazyData
Result: NOTE
'LazyData' is specified without a 'data' directory
Flavors: r-patched-linux-x86_64, r-release-linux-x86_64, r-release-macos-arm64, r-release-macos-x86_64, r-release-windows-x86_64, r-oldrel-macos-arm64, r-oldrel-macos-x86_64, r-oldrel-windows-x86_64
These binaries (installable software) and packages are in development.
They may not be fully stable and should be used with caution. We make no claims about them.