Last updated on 2025-05-01 14:49:21 CEST.
Flavor | Version | Tinstall | Tcheck | Ttotal | Status | Flags |
---|---|---|---|---|---|---|
r-devel-linux-x86_64-debian-clang | 1.3.5 | 34.24 | 159.12 | 193.36 | NOTE | |
r-devel-linux-x86_64-debian-gcc | 1.3.5 | 24.23 | 108.63 | 132.86 | OK | |
r-devel-linux-x86_64-fedora-clang | 1.3.5 | 304.78 | OK | |||
r-devel-linux-x86_64-fedora-gcc | 1.3.5 | 297.29 | OK | |||
r-devel-windows-x86_64 | 1.3.5 | 35.00 | 168.00 | 203.00 | OK | |
r-patched-linux-x86_64 | 1.3.5 | 34.54 | 152.32 | 186.86 | OK | |
r-release-linux-x86_64 | OK | |||||
r-release-macos-arm64 | 1.3.5 | 105.00 | OK | |||
r-release-macos-x86_64 | 1.3.5 | 193.00 | OK | |||
r-release-windows-x86_64 | 1.3.5 | 36.00 | 176.00 | 212.00 | OK | |
r-oldrel-macos-arm64 | 1.3.5 | 80.00 | OK | |||
r-oldrel-macos-x86_64 | 1.3.5 | 162.00 | OK | |||
r-oldrel-windows-x86_64 | 1.3.5 | 45.00 | 206.00 | 251.00 | OK |
Version: 1.3.5
Check: examples
Result: NOTE
Examples with CPU (user + system) or elapsed time > 5s
user system elapsed
CniperPointPlotWrapper 3.194 0.266 5.167
Flavor: r-devel-linux-x86_64-debian-clang
These binaries (installable software) and packages are in development.
They may not be fully stable and should be used with caution. We make no claims about them.