CRAN Package Check Results for Package ROptSpace

Last updated on 2025-05-21 21:49:29 CEST.

Flavor Version Tinstall Tcheck Ttotal Status Flags
r-devel-linux-x86_64-debian-clang 0.2.3 15.58 26.92 42.50 NOTE
r-devel-linux-x86_64-debian-gcc 0.2.3 12.10 21.52 33.62 NOTE
r-devel-linux-x86_64-fedora-clang 0.2.3 79.47 NOTE
r-devel-linux-x86_64-fedora-gcc 0.2.3 74.34 NOTE
r-devel-windows-x86_64 0.2.3 22.00 67.00 89.00 NOTE
r-patched-linux-x86_64 0.2.3 15.07 26.27 41.34 NOTE
r-release-linux-x86_64 0.2.3 16.72 26.42 43.14 NOTE
r-release-macos-arm64 0.2.3 29.00 NOTE
r-release-macos-x86_64 0.2.3 41.00 NOTE
r-release-windows-x86_64 0.2.3 23.00 78.00 101.00 NOTE
r-oldrel-macos-arm64 0.2.3 25.00 NOTE
r-oldrel-macos-x86_64 0.2.3 62.00 NOTE
r-oldrel-windows-x86_64 0.2.3 25.00 78.00 103.00 NOTE

Check Details

Version: 0.2.3
Check: C++ specification
Result: NOTE Specified C++11: please drop specification unless essential Flavors: r-devel-linux-x86_64-debian-clang, r-devel-linux-x86_64-debian-gcc, r-devel-linux-x86_64-fedora-clang, r-devel-linux-x86_64-fedora-gcc, r-devel-windows-x86_64, r-patched-linux-x86_64, r-release-linux-x86_64, r-release-macos-arm64, r-release-macos-x86_64, r-release-windows-x86_64, r-oldrel-macos-arm64, r-oldrel-macos-x86_64, r-oldrel-windows-x86_64

These binaries (installable software) and packages are in development.
They may not be fully stable and should be used with caution. We make no claims about them.