Last updated on 2025-02-16 10:50:57 CET.
Flavor | Version | Tinstall | Tcheck | Ttotal | Status | Flags |
---|---|---|---|---|---|---|
r-devel-linux-x86_64-debian-clang | 0.2.3 | 17.03 | 26.65 | 43.68 | NOTE | |
r-devel-linux-x86_64-debian-gcc | 0.2.3 | 11.90 | 21.64 | 33.54 | NOTE | |
r-devel-linux-x86_64-fedora-clang | 0.2.3 | 82.97 | NOTE | |||
r-devel-linux-x86_64-fedora-gcc | 0.2.3 | 76.38 | NOTE | |||
r-devel-macos-arm64 | 0.2.3 | 25.00 | NOTE | |||
r-devel-macos-x86_64 | 0.2.3 | 46.00 | NOTE | |||
r-devel-windows-x86_64 | 0.2.3 | 20.00 | 74.00 | 94.00 | NOTE | |
r-patched-linux-x86_64 | 0.2.3 | 15.85 | 25.31 | 41.16 | NOTE | |
r-release-linux-x86_64 | 0.2.3 | 15.78 | 25.68 | 41.46 | NOTE | |
r-release-macos-arm64 | 0.2.3 | 25.00 | NOTE | |||
r-release-macos-x86_64 | 0.2.3 | 62.00 | NOTE | |||
r-release-windows-x86_64 | 0.2.3 | 21.00 | 69.00 | 90.00 | NOTE | |
r-oldrel-macos-arm64 | 0.2.3 | 30.00 | NOTE | |||
r-oldrel-macos-x86_64 | 0.2.3 | 45.00 | NOTE | |||
r-oldrel-windows-x86_64 | 0.2.3 | 25.00 | 73.00 | 98.00 | NOTE |
Version: 0.2.3
Check: C++ specification
Result: NOTE
Specified C++11: please drop specification unless essential
Flavors: r-devel-linux-x86_64-debian-clang, r-devel-linux-x86_64-debian-gcc, r-devel-linux-x86_64-fedora-clang, r-devel-linux-x86_64-fedora-gcc, r-devel-macos-arm64, r-devel-macos-x86_64, r-devel-windows-x86_64, r-patched-linux-x86_64, r-release-linux-x86_64, r-release-macos-arm64, r-release-macos-x86_64, r-release-windows-x86_64, r-oldrel-macos-arm64, r-oldrel-macos-x86_64, r-oldrel-windows-x86_64
These binaries (installable software) and packages are in development.
They may not be fully stable and should be used with caution. We make no claims about them.