Last updated on 2025-10-25 23:48:49 CEST.
| Flavor | Version | Tinstall | Tcheck | Ttotal | Status | Flags |
|---|---|---|---|---|---|---|
| r-devel-linux-x86_64-debian-clang | 1.1.3 | 35.96 | 33.12 | 69.08 | OK | |
| r-devel-linux-x86_64-debian-gcc | 1.1.3 | 23.21 | 28.20 | 51.41 | OK | |
| r-devel-linux-x86_64-fedora-clang | 1.1.3 | 74.00 | 48.66 | 122.66 | OK | |
| r-devel-linux-x86_64-fedora-gcc | 1.1.3 | 60.00 | 64.52 | 124.52 | OK | |
| r-devel-windows-x86_64 | 1.1.3 | 47.00 | 66.00 | 113.00 | OK | |
| r-patched-linux-x86_64 | 1.1.3 | 32.50 | 32.81 | 65.31 | OK | |
| r-release-linux-x86_64 | 1.1.3 | 32.83 | 32.89 | 65.72 | OK | |
| r-release-macos-arm64 | 1.1.3 | 22.00 | 36.00 | 58.00 | OK | |
| r-release-macos-x86_64 | 1.1.3 | 28.00 | 46.00 | 74.00 | OK | |
| r-release-windows-x86_64 | 1.1.3 | 52.00 | 69.00 | 121.00 | OK | |
| r-oldrel-macos-arm64 | 1.1.3 | 22.00 | 26.00 | 48.00 | NOTE | |
| r-oldrel-macos-x86_64 | 1.1.3 | 31.00 | 44.00 | 75.00 | NOTE | |
| r-oldrel-windows-x86_64 | 1.1.3 | 54.00 | 79.00 | 133.00 | OK |
Version: 1.1.3
Check: installed package size
Result: NOTE
installed size is 8.0Mb
sub-directories of 1Mb or more:
libs 7.6Mb
Flavors: r-oldrel-macos-arm64, r-oldrel-macos-x86_64
These binaries (installable software) and packages are in development.
They may not be fully stable and should be used with caution. We make no claims about them.