Last updated on 2025-05-01 08:52:44 CEST.
Flavor | Version | Tinstall | Tcheck | Ttotal | Status | Flags |
---|---|---|---|---|---|---|
r-devel-linux-x86_64-debian-clang | 1.1.3 | 34.59 | 31.66 | 66.25 | OK | |
r-devel-linux-x86_64-debian-gcc | 1.1.3 | 25.14 | 26.95 | 52.09 | OK | |
r-devel-linux-x86_64-fedora-clang | 1.1.3 | 123.60 | OK | |||
r-devel-linux-x86_64-fedora-gcc | 1.1.3 | 128.56 | OK | |||
r-devel-windows-x86_64 | 1.1.3 | 48.00 | 68.00 | 116.00 | OK | |
r-patched-linux-x86_64 | 1.1.3 | 34.38 | 31.28 | 65.66 | OK | |
r-release-linux-x86_64 | OK | |||||
r-release-macos-arm64 | 1.1.3 | 58.00 | OK | |||
r-release-macos-x86_64 | 1.1.3 | 74.00 | OK | |||
r-release-windows-x86_64 | 1.1.3 | 51.00 | 68.00 | 119.00 | OK | |
r-oldrel-macos-arm64 | 1.1.3 | 48.00 | NOTE | |||
r-oldrel-macos-x86_64 | 1.1.3 | 75.00 | NOTE | |||
r-oldrel-windows-x86_64 | 1.1.3 | 53.00 | 79.00 | 132.00 | OK |
Version: 1.1.3
Check: installed package size
Result: NOTE
installed size is 8.0Mb
sub-directories of 1Mb or more:
libs 7.6Mb
Flavors: r-oldrel-macos-arm64, r-oldrel-macos-x86_64
These binaries (installable software) and packages are in development.
They may not be fully stable and should be used with caution. We make no claims about them.