Last updated on 2025-02-07 10:49:31 CET.
Flavor | Version | Tinstall | Tcheck | Ttotal | Status | Flags |
---|---|---|---|---|---|---|
r-devel-linux-x86_64-debian-clang | 1.1.2 | 38.91 | 30.44 | 69.35 | NOTE | |
r-devel-linux-x86_64-debian-gcc | 1.1.2 | 25.18 | 25.04 | 50.22 | NOTE | |
r-devel-linux-x86_64-fedora-clang | 1.1.2 | 126.36 | NOTE | |||
r-devel-linux-x86_64-fedora-gcc | 1.1.2 | 138.49 | NOTE | |||
r-devel-windows-x86_64 | 1.1.2 | 45.00 | 73.00 | 118.00 | OK | |
r-patched-linux-x86_64 | 1.1.2 | 33.61 | 30.46 | 64.07 | OK | |
r-release-linux-x86_64 | 1.1.2 | 34.34 | 29.81 | 64.15 | OK | |
r-release-macos-arm64 | 1.1.2 | 42.00 | NOTE | |||
r-release-macos-x86_64 | 1.1.2 | 58.00 | NOTE | |||
r-release-windows-x86_64 | 1.1.2 | 48.00 | 66.00 | 114.00 | OK | |
r-oldrel-macos-arm64 | 1.1.2 | 47.00 | NOTE | |||
r-oldrel-macos-x86_64 | 1.1.2 | 69.00 | NOTE | |||
r-oldrel-windows-x86_64 | 1.1.2 | 50.00 | 74.00 | 124.00 | OK |
Version: 1.1.2
Check: top-level files
Result: NOTE
possible bashism in configure.ac line 36 (should be 'b = a'):
if test "$ac_cv_header_stdint_h" == yes; then
possible bashism in configure.ac line 50 (should be 'b = a'):
if test "$ac_cv_header_inttypes_h" == yes; then
Flavors: r-devel-linux-x86_64-debian-clang, r-devel-linux-x86_64-debian-gcc, r-devel-linux-x86_64-fedora-clang, r-devel-linux-x86_64-fedora-gcc
Version: 1.1.2
Check: installed package size
Result: NOTE
installed size is 8.0Mb
sub-directories of 1Mb or more:
libs 7.6Mb
Flavors: r-release-macos-arm64, r-release-macos-x86_64, r-oldrel-macos-arm64, r-oldrel-macos-x86_64
These binaries (installable software) and packages are in development.
They may not be fully stable and should be used with caution. We make no claims about them.