Last updated on 2025-07-25 01:49:38 CEST.
Flavor | Version | Tinstall | Tcheck | Ttotal | Status | Flags |
---|---|---|---|---|---|---|
r-devel-linux-x86_64-debian-clang | 1.2.5 | 2.22 | 44.10 | 46.32 | NOTE | |
r-devel-linux-x86_64-debian-gcc | 1.2.5 | 2.12 | 31.97 | 34.09 | NOTE | |
r-devel-linux-x86_64-fedora-clang | 1.2.5 | 73.66 | OK | |||
r-devel-linux-x86_64-fedora-gcc | 1.2.5 | 82.74 | OK | |||
r-devel-windows-x86_64 | 1.2.5 | 4.00 | 64.00 | 68.00 | OK | |
r-patched-linux-x86_64 | 1.2.5 | 3.20 | 40.27 | 43.47 | OK | |
r-release-linux-x86_64 | 1.2.5 | 2.88 | 41.58 | 44.46 | OK | |
r-release-macos-arm64 | 1.2.5 | 43.00 | OK | |||
r-release-macos-x86_64 | 1.2.5 | 76.00 | OK | |||
r-release-windows-x86_64 | 1.2.5 | 5.00 | 64.00 | 69.00 | OK | |
r-oldrel-macos-arm64 | 1.2.5 | 26.00 | OK | |||
r-oldrel-macos-x86_64 | 1.2.5 | 41.00 | OK | |||
r-oldrel-windows-x86_64 | 1.2.5 | 6.00 | 72.00 | 78.00 | OK |
Version: 1.2.5
Check: CRAN incoming feasibility
Result: NOTE
Maintainer: ‘Anthony Christidis <anthony.christidis@stat.ubc.ca>’
No Authors@R field in DESCRIPTION.
Please add one, modifying
Authors@R: c(person(given = "Anthony",
family = "Christidis",
role = c("aut", "cre"),
email = "anthony.christidis@stat.ubc.ca"),
person(given = "Xin",
family = "Chen",
role = "aut",
email = "chenx26@uw.edu"))
as necessary.
Flavors: r-devel-linux-x86_64-debian-clang, r-devel-linux-x86_64-debian-gcc
These binaries (installable software) and packages are in development.
They may not be fully stable and should be used with caution. We make no claims about them.