CRAN Package Check Results for Package RPESE

Last updated on 2025-05-01 14:49:21 CEST.

Flavor Version Tinstall Tcheck Ttotal Status Flags
r-devel-linux-x86_64-debian-clang 1.2.5 2.54 43.61 46.15 NOTE
r-devel-linux-x86_64-debian-gcc 1.2.5 2.06 31.40 33.46 NOTE
r-devel-linux-x86_64-fedora-clang 1.2.5 73.71 OK
r-devel-linux-x86_64-fedora-gcc 1.2.5 83.95 OK
r-devel-windows-x86_64 1.2.5 5.00 63.00 68.00 OK
r-patched-linux-x86_64 1.2.5 3.41 41.30 44.71 OK
r-release-linux-x86_64 OK
r-release-macos-arm64 1.2.5 43.00 OK
r-release-macos-x86_64 1.2.5 76.00 OK
r-release-windows-x86_64 1.2.5 5.00 62.00 67.00 OK
r-oldrel-macos-arm64 1.2.5 26.00 OK
r-oldrel-macos-x86_64 1.2.5 41.00 OK
r-oldrel-windows-x86_64 1.2.5 6.00 73.00 79.00 OK

Check Details

Version: 1.2.5
Check: CRAN incoming feasibility
Result: NOTE Maintainer: ‘Anthony Christidis <anthony.christidis@stat.ubc.ca>’ No Authors@R field in DESCRIPTION. Please add one, modifying Authors@R: c(person(given = "Anthony", family = "Christidis", role = c("aut", "cre"), email = "anthony.christidis@stat.ubc.ca"), person(given = "Xin", family = "Chen", role = "aut", email = "chenx26@uw.edu")) as necessary. Flavors: r-devel-linux-x86_64-debian-clang, r-devel-linux-x86_64-debian-gcc

Version: 1.2.5
Check: examples
Result: NOTE Examples with CPU (user + system) or elapsed time > 5s user system elapsed robMean.SE 6.062 0.004 7.367 Flavor: r-devel-linux-x86_64-debian-clang

These binaries (installable software) and packages are in development.
They may not be fully stable and should be used with caution. We make no claims about them.