Last updated on 2025-02-07 10:49:31 CET.
Flavor | Version | Tinstall | Tcheck | Ttotal | Status | Flags |
---|---|---|---|---|---|---|
r-devel-linux-x86_64-debian-clang | 1.0.10 | 18.07 | 110.34 | 128.41 | OK | |
r-devel-linux-x86_64-debian-gcc | 1.0.10 | 10.92 | 78.28 | 89.20 | OK | |
r-devel-linux-x86_64-fedora-clang | 1.0.10 | 217.69 | NOTE | |||
r-devel-linux-x86_64-fedora-gcc | 1.0.10 | 207.12 | NOTE | |||
r-devel-windows-x86_64 | 1.0.10 | 18.00 | 127.00 | 145.00 | OK | |
r-patched-linux-x86_64 | 1.0.10 | 16.98 | 103.50 | 120.48 | OK | |
r-release-linux-x86_64 | 1.0.10 | 13.78 | 104.00 | 117.78 | OK | |
r-release-macos-arm64 | 1.0.10 | 58.00 | OK | |||
r-release-macos-x86_64 | 1.0.10 | 93.00 | OK | |||
r-release-windows-x86_64 | 1.0.10 | 18.00 | 125.00 | 143.00 | OK | |
r-oldrel-macos-arm64 | 1.0.10 | 73.00 | OK | |||
r-oldrel-macos-x86_64 | 1.0.10 | 153.00 | OK | |||
r-oldrel-windows-x86_64 | 1.0.10 | 22.00 | 153.00 | 175.00 | OK |
Version: 1.0.10
Check: dependencies in R code
Result: NOTE
Namespaces in Imports field not imported from:
‘SparseM’ ‘nlme’ ‘timeDate’
All declared Imports should be used.
Flavors: r-devel-linux-x86_64-fedora-clang, r-devel-linux-x86_64-fedora-gcc
These binaries (installable software) and packages are in development.
They may not be fully stable and should be used with caution. We make no claims about them.