Last updated on 2025-05-08 04:52:17 CEST.
Flavor | Version | Tinstall | Tcheck | Ttotal | Status | Flags |
---|---|---|---|---|---|---|
r-devel-linux-x86_64-debian-clang | 1.0.10 | 16.39 | 111.11 | 127.50 | OK | |
r-devel-linux-x86_64-debian-gcc | 1.0.10 | 12.03 | 79.94 | 91.97 | OK | |
r-devel-linux-x86_64-fedora-clang | 1.0.10 | 200.35 | NOTE | |||
r-devel-linux-x86_64-fedora-gcc | 1.0.10 | 212.79 | NOTE | |||
r-devel-windows-x86_64 | 1.0.10 | 18.00 | 127.00 | 145.00 | OK | |
r-patched-linux-x86_64 | 1.0.10 | 17.80 | 106.98 | 124.78 | OK | |
r-release-linux-x86_64 | 1.0.10 | 16.39 | 106.57 | 122.96 | OK | |
r-release-macos-arm64 | 1.0.10 | 73.00 | OK | |||
r-release-macos-x86_64 | 1.0.10 | 131.00 | OK | |||
r-release-windows-x86_64 | 1.0.10 | 17.00 | 127.00 | 144.00 | OK | |
r-oldrel-macos-arm64 | 1.0.10 | 58.00 | OK | |||
r-oldrel-macos-x86_64 | 1.0.10 | 93.00 | OK | |||
r-oldrel-windows-x86_64 | 1.0.10 | 22.00 | 157.00 | 179.00 | OK |
Version: 1.0.10
Check: dependencies in R code
Result: NOTE
Namespaces in Imports field not imported from:
‘SparseM’ ‘nlme’ ‘timeDate’
All declared Imports should be used.
Flavors: r-devel-linux-x86_64-fedora-clang, r-devel-linux-x86_64-fedora-gcc
These binaries (installable software) and packages are in development.
They may not be fully stable and should be used with caution. We make no claims about them.