Last updated on 2024-07-27 15:50:32 CEST.
Flavor | Version | Tinstall | Tcheck | Ttotal | Status | Flags |
---|---|---|---|---|---|---|
r-devel-linux-x86_64-debian-clang | 1.0.10 | 18.43 | 145.22 | 163.65 | OK | |
r-devel-linux-x86_64-debian-gcc | 1.0.10 | OK | ||||
r-devel-linux-x86_64-fedora-clang | 1.0.10 | 218.42 | NOTE | |||
r-devel-linux-x86_64-fedora-gcc | 1.0.10 | 218.40 | NOTE | |||
r-devel-windows-x86_64 | 1.0.10 | 17.00 | 128.00 | 145.00 | OK | |
r-patched-linux-x86_64 | 1.0.10 | OK | ||||
r-release-linux-x86_64 | 1.0.10 | 16.12 | 134.55 | 150.67 | OK | |
r-release-macos-arm64 | 1.0.10 | 58.00 | OK | |||
r-release-macos-x86_64 | 1.0.10 | 93.00 | OK | |||
r-release-windows-x86_64 | 1.0.10 | 17.00 | 126.00 | 143.00 | OK | |
r-oldrel-macos-arm64 | 1.0.10 | 73.00 | OK | |||
r-oldrel-macos-x86_64 | 1.0.10 | 153.00 | OK | |||
r-oldrel-windows-x86_64 | 1.0.10 | 22.00 | 144.00 | 166.00 | OK |
Version: 1.0.10
Check: dependencies in R code
Result: NOTE
Namespaces in Imports field not imported from:
‘SparseM’ ‘nlme’ ‘timeDate’
All declared Imports should be used.
Flavors: r-devel-linux-x86_64-fedora-clang, r-devel-linux-x86_64-fedora-gcc
These binaries (installable software) and packages are in development.
They may not be fully stable and should be used with caution. We make no claims about them.