Last updated on 2025-02-07 10:49:31 CET.
Flavor | Version | Tinstall | Tcheck | Ttotal | Status | Flags |
---|---|---|---|---|---|---|
r-devel-linux-x86_64-debian-clang | 1.4.9 | 18.92 | 127.40 | 146.32 | OK | |
r-devel-linux-x86_64-debian-gcc | 1.4.9 | 13.00 | 89.78 | 102.78 | OK | |
r-devel-linux-x86_64-fedora-clang | 1.4.9 | 239.21 | OK | |||
r-devel-linux-x86_64-fedora-gcc | 1.4.9 | 235.14 | OK | |||
r-devel-windows-x86_64 | 1.4.9 | 18.00 | 151.00 | 169.00 | OK | |
r-patched-linux-x86_64 | 1.4.9 | 16.37 | 120.00 | 136.37 | OK | |
r-release-linux-x86_64 | 1.4.9 | 15.40 | 119.44 | 134.84 | OK | |
r-release-macos-arm64 | 1.4.9 | 69.00 | NOTE | |||
r-release-macos-x86_64 | 1.4.9 | 134.00 | NOTE | |||
r-release-windows-x86_64 | 1.4.9 | 20.00 | 150.00 | 170.00 | NOTE | |
r-oldrel-macos-arm64 | 1.4.9 | 73.00 | NOTE | |||
r-oldrel-macos-x86_64 | 1.4.9 | 170.00 | NOTE | |||
r-oldrel-windows-x86_64 | 1.4.9 | 24.00 | 175.00 | 199.00 | NOTE |
Version: 1.4.9
Check: installed package size
Result: NOTE
installed size is 5.4Mb
sub-directories of 1Mb or more:
extdata 4.5Mb
Flavors: r-release-macos-arm64, r-release-macos-x86_64, r-release-windows-x86_64, r-oldrel-macos-arm64, r-oldrel-macos-x86_64, r-oldrel-windows-x86_64
These binaries (installable software) and packages are in development.
They may not be fully stable and should be used with caution. We make no claims about them.