CRAN Package Check Results for Package RPPanalyzer

Last updated on 2025-07-24 01:50:34 CEST.

Flavor Version Tinstall Tcheck Ttotal Status Flags
r-devel-linux-x86_64-debian-clang 1.4.9 20.08 136.64 156.72 NOTE
r-devel-linux-x86_64-debian-gcc 1.4.9 13.69 99.38 113.07 NOTE
r-devel-linux-x86_64-fedora-clang 1.4.9 245.67 OK
r-devel-linux-x86_64-fedora-gcc 1.4.9 244.04 OK
r-devel-windows-x86_64 1.4.9 18.00 155.00 173.00 OK
r-patched-linux-x86_64 1.4.9 17.29 130.95 148.24 OK
r-release-linux-x86_64 1.4.9 17.38 130.58 147.96 OK
r-release-macos-arm64 1.4.9 71.00 OK
r-release-macos-x86_64 1.4.9 139.00 OK
r-release-windows-x86_64 1.4.9 22.00 171.00 193.00 OK
r-oldrel-macos-arm64 1.4.9 69.00 NOTE
r-oldrel-macos-x86_64 1.4.9 134.00 NOTE
r-oldrel-windows-x86_64 1.4.9 27.00 193.00 220.00 NOTE

Check Details

Version: 1.4.9
Check: CRAN incoming feasibility
Result: NOTE Maintainer: ‘Torsten Schoeps <torsten.schoeps@bioinf.med.uni-goettingen.de>’ No Authors@R field in DESCRIPTION. Please add one, modifying Authors@R: c(person(given = c("Heiko", "Mannsperger", "with", "contributions", "of", "Stephan"), family = "Gade", role = "aut"), person(given = "Torsten", family = "Schoeps", role = "cre", email = "torsten.schoeps@bioinf.med.uni-goettingen.de")) as necessary. Flavors: r-devel-linux-x86_64-debian-clang, r-devel-linux-x86_64-debian-gcc

Version: 1.4.9
Check: installed package size
Result: NOTE installed size is 5.4Mb sub-directories of 1Mb or more: extdata 4.5Mb Flavors: r-oldrel-macos-arm64, r-oldrel-macos-x86_64, r-oldrel-windows-x86_64

These binaries (installable software) and packages are in development.
They may not be fully stable and should be used with caution. We make no claims about them.