CRAN Package Check Results for Package RPostgreSQL

Last updated on 2025-10-03 01:50:00 CEST.

Flavor Version Tinstall Tcheck Ttotal Status Flags
r-devel-linux-x86_64-debian-clang 0.7-8 8.85 38.88 47.73 OK
r-devel-linux-x86_64-debian-gcc 0.7-8 6.67 29.19 35.86 OK
r-devel-linux-x86_64-fedora-clang 0.7-8 71.07 OK
r-devel-linux-x86_64-fedora-gcc 0.7-8 72.81 OK
r-devel-windows-x86_64 0.7-8 25.00 115.00 140.00 OK
r-patched-linux-x86_64 0.7-8 9.81 36.60 46.41 OK
r-release-linux-x86_64 0.7-8 8.69 36.67 45.36 OK
r-release-macos-arm64 0.7-8 31.00 WARN
r-release-macos-x86_64 0.7-8 48.00 WARN
r-release-windows-x86_64 0.7-8 25.00 119.00 144.00 OK
r-oldrel-macos-arm64 0.7-8 48.00 OK
r-oldrel-macos-x86_64 0.7-8 77.00 OK
r-oldrel-windows-x86_64 0.7-8 18.00 9.00 27.00 ERROR

Additional issues

rchk

Check Details

Version: 0.7-8
Check: compiled code
Result: WARN File ‘RPostgreSQL/libs/RPostgreSQL.so’: Found ‘___sprintf_chk’, possibly from ‘sprintf’ (C) Object: ‘libpq/libpq.a’ Found ‘___stderrp’, possibly from ‘stderr’ (C) Object: ‘libpq/libpq.a’ Found ‘_abort’, possibly from ‘abort’ (C) Object: ‘libpq/libpq.a’ Found ‘_sprintf’, possibly from ‘sprintf’ (C) Object: ‘libpq/libpq.a’ Compiled code should not call entry points which might terminate R nor write to stdout/stderr instead of to the console, nor use Fortran I/O nor system RNGs nor [v]sprintf. See ‘Writing portable packages’ in the ‘Writing R Extensions’ manual. Flavors: r-release-macos-arm64, r-release-macos-x86_64

Version: 0.7-8
Check: whether package can be installed
Result: ERROR Installation failed. Flavor: r-oldrel-windows-x86_64

These binaries (installable software) and packages are in development.
They may not be fully stable and should be used with caution. We make no claims about them.