CRAN Package Check Results for Package RPostgres

Last updated on 2025-07-01 01:49:32 CEST.

Flavor Version Tinstall Tcheck Ttotal Status Flags
r-devel-linux-x86_64-debian-clang 1.4.8 54.34 56.23 110.57 OK
r-devel-linux-x86_64-debian-gcc 1.4.8 35.33 42.68 78.01 OK
r-devel-linux-x86_64-fedora-clang 1.4.8 202.25 OK
r-devel-linux-x86_64-fedora-gcc 1.4.8 190.55 OK
r-devel-windows-x86_64 1.4.8 91.00 390.00 481.00 OK
r-patched-linux-x86_64 OK
r-release-linux-x86_64 1.4.8 50.23 52.54 102.77 OK
r-release-macos-arm64 1.4.8 80.00 OK
r-release-macos-x86_64 1.4.8 115.00 OK
r-release-windows-x86_64 1.4.8 88.00 405.00 493.00 OK
r-oldrel-macos-arm64 1.4.8 68.00 NOTE
r-oldrel-macos-x86_64 1.4.8 146.00 NOTE
r-oldrel-windows-x86_64 1.4.8 110.00 412.00 522.00 NOTE

Additional issues

rchk

Check Details

Version: 1.4.8
Check: installed package size
Result: NOTE installed size is 7.5Mb sub-directories of 1Mb or more: libs 7.0Mb Flavors: r-oldrel-macos-arm64, r-oldrel-macos-x86_64, r-oldrel-windows-x86_64

These binaries (installable software) and packages are in development.
They may not be fully stable and should be used with caution. We make no claims about them.