CRAN Package Check Results for Package RPresto

Last updated on 2025-10-23 11:50:26 CEST.

Flavor Version Tinstall Tcheck Ttotal Status Flags
r-devel-linux-x86_64-debian-clang 1.4.7 10.49 93.39 103.88 NOTE
r-devel-linux-x86_64-debian-gcc 1.4.7 5.64 65.10 70.74 OK
r-devel-linux-x86_64-fedora-clang 1.4.7 23.00 135.52 158.52 OK
r-devel-linux-x86_64-fedora-gcc 1.4.7 22.00 189.28 211.28 OK
r-devel-windows-x86_64 1.4.7 10.00 120.00 130.00 OK
r-patched-linux-x86_64 1.4.7 10.00 84.52 94.52 OK
r-release-linux-x86_64 1.4.7 9.94 84.74 94.68 OK
r-release-macos-arm64 1.4.7 4.00 81.00 85.00 OK
r-release-macos-x86_64 1.4.7 9.00 193.00 202.00 OK
r-release-windows-x86_64 1.4.7 10.00 125.00 135.00 OK
r-oldrel-macos-arm64 1.4.7 4.00 95.00 99.00 OK
r-oldrel-macos-x86_64 1.4.7 9.00 165.00 174.00 OK
r-oldrel-windows-x86_64 1.4.7 15.00 149.00 164.00 OK

Check Details

Version: 1.4.7
Check: HTML version of manual
Result: NOTE Found the following HTML validation problems: PrestoConnection-class.html:264:1 (PrestoConnection-class.Rd:203): Warning: missing </ul> before </div> dbCreateTableAs.html:82:1 (dbCreateTableAs.Rd:29): Warning: missing </ul> before </div> dbRenameTable.html:58:1 (dbRenameTable.Rd:16): Warning: missing </ul> before </div> dbplyr-db.html:140:1 (dbplyr-db.Rd:83): Warning: missing </ul> before </div> dbplyr-sql.html:85:1 (dbplyr-sql.Rd:31): Warning: missing </ul> before </div> dbplyr_edition.PrestoConnection.html:47:1 (dbplyr_edition.PrestoConnection.Rd:10): Warning: missing </ul> before </div> dplyr_function_implementations.html:83:1 (dplyr_function_implementations.Rd:32): Warning: missing </ul> before </div> sqlCreateTableAs.html:77:1 (sqlCreateTableAs.Rd:26): Warning: missing </ul> before </div> Flavor: r-devel-linux-x86_64-debian-clang

These binaries (installable software) and packages are in development.
They may not be fully stable and should be used with caution. We make no claims about them.