Last updated on 2025-07-02 03:50:51 CEST.
Flavor | Version | Tinstall | Tcheck | Ttotal | Status | Flags |
---|---|---|---|---|---|---|
r-devel-linux-x86_64-debian-clang | 0.4.24 | 159.23 | 61.02 | 220.25 | OK | |
r-devel-linux-x86_64-debian-gcc | 0.4.24 | 127.78 | 47.55 | 175.33 | OK | |
r-devel-linux-x86_64-fedora-clang | 0.4.24 | 438.55 | OK | |||
r-devel-linux-x86_64-fedora-gcc | 0.4.24 | 428.55 | OK | |||
r-devel-windows-x86_64 | 0.4.24 | 344.00 | 165.00 | 509.00 | OK | |
r-patched-linux-x86_64 | OK | |||||
r-release-linux-x86_64 | 0.4.24 | 154.87 | 55.87 | 210.74 | OK | |
r-release-macos-arm64 | 0.4.24 | 91.00 | OK | |||
r-release-macos-x86_64 | 0.4.24 | 136.00 | OK | |||
r-release-windows-x86_64 | 0.4.24 | 338.00 | 190.00 | 528.00 | OK | |
r-oldrel-macos-arm64 | 0.4.24 | 128.00 | NOTE | |||
r-oldrel-macos-x86_64 | 0.4.24 | 216.00 | NOTE | |||
r-oldrel-windows-x86_64 | 0.4.24 | 334.00 | 221.00 | 555.00 | NOTE |
Version: 0.4.24
Check: installed package size
Result: NOTE
installed size is 33.6Mb
sub-directories of 1Mb or more:
libs 32.2Mb
Flavors: r-oldrel-macos-arm64, r-oldrel-macos-x86_64, r-oldrel-windows-x86_64
These binaries (installable software) and packages are in development.
They may not be fully stable and should be used with caution. We make no claims about them.