Last updated on 2025-07-22 19:51:59 CEST.
Flavor | Version | Tinstall | Tcheck | Ttotal | Status | Flags |
---|---|---|---|---|---|---|
r-devel-linux-x86_64-debian-clang | 0.1.3 | 1.66 | 21.32 | 22.98 | NOTE | |
r-devel-linux-x86_64-debian-gcc | 0.1.3 | 1.47 | 17.74 | 19.21 | NOTE | |
r-devel-linux-x86_64-fedora-clang | 0.1.3 | 33.68 | OK | |||
r-devel-linux-x86_64-fedora-gcc | 0.1.3 | 32.44 | OK | |||
r-devel-windows-x86_64 | 0.1.3 | 3.00 | 40.00 | 43.00 | OK | |
r-patched-linux-x86_64 | 0.1.3 | 1.98 | 19.46 | 21.44 | OK | |
r-release-linux-x86_64 | 0.1.3 | 1.70 | 19.29 | 20.99 | OK | |
r-release-macos-arm64 | 0.1.3 | 19.00 | OK | |||
r-release-macos-x86_64 | 0.1.3 | 25.00 | OK | |||
r-release-windows-x86_64 | 0.1.3 | 3.00 | 40.00 | 43.00 | OK | |
r-oldrel-macos-arm64 | 0.1.3 | 17.00 | OK | |||
r-oldrel-macos-x86_64 | 0.1.3 | 22.00 | OK | |||
r-oldrel-windows-x86_64 | 0.1.3 | 4.00 | 46.00 | 50.00 | OK |
Version: 0.1.3
Check: CRAN incoming feasibility
Result: NOTE
Maintainer: ‘Thomas J. Leeper <thosjleeper@gmail.com>’
Package CITATION file contains call(s) to old-style personList() or
as.personList(). Please use c() on person objects instead.
Package CITATION file contains call(s) to old-style citEntry(). Please
use bibentry() instead.
Flavors: r-devel-linux-x86_64-debian-clang, r-devel-linux-x86_64-debian-gcc
These binaries (installable software) and packages are in development.
They may not be fully stable and should be used with caution. We make no claims about them.