CRAN Package Check Results for Package RPyGeo

Last updated on 2025-02-16 12:53:50 CET.

Flavor Version Tinstall Tcheck Ttotal Status Flags
r-devel-linux-x86_64-debian-clang 1.0.0 2.10 35.11 37.21 OK
r-devel-linux-x86_64-debian-gcc 1.0.0 1.63 26.47 28.10 OK
r-devel-linux-x86_64-fedora-clang 1.0.0 62.77 OK
r-devel-linux-x86_64-fedora-gcc 1.0.0 72.91 OK
r-devel-macos-arm64 1.0.0 26.00 OK
r-devel-macos-x86_64 1.0.0 57.00 OK
r-devel-windows-x86_64 1.0.0 4.00 54.00 58.00 OK
r-patched-linux-x86_64 1.0.0 2.32 32.81 35.13 NOTE
r-release-linux-x86_64 1.0.0 2.11 33.24 35.35 NOTE
r-release-macos-arm64 1.0.0 25.00 NOTE
r-release-macos-x86_64 1.0.0 39.00 NOTE
r-release-windows-x86_64 1.0.0 5.00 55.00 60.00 NOTE
r-oldrel-macos-arm64 1.0.0 27.00 NOTE
r-oldrel-macos-x86_64 1.0.0 39.00 NOTE
r-oldrel-windows-x86_64 1.0.0 5.00 79.00 84.00 NOTE

Check Details

Version: 1.0.0
Check: LazyData
Result: NOTE 'LazyData' is specified without a 'data' directory Flavors: r-patched-linux-x86_64, r-release-linux-x86_64, r-release-macos-arm64, r-release-macos-x86_64, r-release-windows-x86_64, r-oldrel-macos-arm64, r-oldrel-macos-x86_64, r-oldrel-windows-x86_64

These binaries (installable software) and packages are in development.
They may not be fully stable and should be used with caution. We make no claims about them.