Last updated on 2025-02-16 10:50:57 CET.
Flavor | Version | Tinstall | Tcheck | Ttotal | Status | Flags |
---|---|---|---|---|---|---|
r-devel-linux-x86_64-debian-clang | 0.1.3 | 2.13 | 43.72 | 45.85 | OK | |
r-devel-linux-x86_64-debian-gcc | 0.1.3 | 1.67 | 31.79 | 33.46 | OK | |
r-devel-linux-x86_64-fedora-clang | 0.1.3 | 77.99 | OK | |||
r-devel-linux-x86_64-fedora-gcc | 0.1.3 | 85.21 | OK | |||
r-devel-macos-arm64 | 0.1.3 | 30.00 | OK | |||
r-devel-macos-x86_64 | 0.1.3 | 75.00 | OK | |||
r-devel-windows-x86_64 | 0.1.3 | 3.00 | 59.00 | 62.00 | OK | |
r-patched-linux-x86_64 | 0.1.3 | 2.15 | 41.56 | 43.71 | NOTE | |
r-release-linux-x86_64 | 0.1.3 | 1.86 | 41.48 | 43.34 | NOTE | |
r-release-macos-arm64 | 0.1.3 | 27.00 | NOTE | |||
r-release-macos-x86_64 | 0.1.3 | 63.00 | NOTE | |||
r-release-windows-x86_64 | 0.1.3 | 4.00 | 61.00 | 65.00 | NOTE | |
r-oldrel-macos-arm64 | 0.1.3 | 29.00 | NOTE | |||
r-oldrel-macos-x86_64 | 0.1.3 | 39.00 | NOTE | |||
r-oldrel-windows-x86_64 | 0.1.3 | 4.00 | 88.00 | 92.00 | NOTE |
Version: 0.1.3
Check: LazyData
Result: NOTE
'LazyData' is specified without a 'data' directory
Flavors: r-patched-linux-x86_64, r-release-linux-x86_64, r-release-macos-arm64, r-release-macos-x86_64, r-release-windows-x86_64, r-oldrel-macos-arm64, r-oldrel-macos-x86_64, r-oldrel-windows-x86_64
These binaries (installable software) and packages are in development.
They may not be fully stable and should be used with caution. We make no claims about them.