Last updated on 2025-05-08 04:52:17 CEST.
Flavor | Version | Tinstall | Tcheck | Ttotal | Status | Flags |
---|---|---|---|---|---|---|
r-devel-linux-x86_64-debian-clang | 0.1.3 | 2.25 | 45.08 | 47.33 | OK | |
r-devel-linux-x86_64-debian-gcc | 0.1.3 | 1.48 | 33.18 | 34.66 | OK | |
r-devel-linux-x86_64-fedora-clang | 0.1.3 | 70.17 | OK | |||
r-devel-linux-x86_64-fedora-gcc | 0.1.3 | 84.05 | OK | |||
r-devel-windows-x86_64 | 0.1.3 | 3.00 | 59.00 | 62.00 | OK | |
r-patched-linux-x86_64 | 0.1.3 | 2.00 | 42.31 | 44.31 | OK | |
r-release-linux-x86_64 | 0.1.3 | 2.09 | 43.07 | 45.16 | OK | |
r-release-macos-arm64 | 0.1.3 | 37.00 | OK | |||
r-release-macos-x86_64 | 0.1.3 | 72.00 | OK | |||
r-release-windows-x86_64 | 0.1.3 | 5.00 | 59.00 | 64.00 | OK | |
r-oldrel-macos-arm64 | 0.1.3 | 27.00 | NOTE | |||
r-oldrel-macos-x86_64 | 0.1.3 | 63.00 | NOTE | |||
r-oldrel-windows-x86_64 | 0.1.3 | 3.00 | 69.00 | 72.00 | NOTE |
Version: 0.1.3
Check: LazyData
Result: NOTE
'LazyData' is specified without a 'data' directory
Flavors: r-oldrel-macos-arm64, r-oldrel-macos-x86_64, r-oldrel-windows-x86_64
These binaries (installable software) and packages are in development.
They may not be fully stable and should be used with caution. We make no claims about them.