CRAN Package Check Results for Package RQuantLib

Last updated on 2025-10-23 21:51:39 CEST.

Flavor Version Tinstall Tcheck Ttotal Status Flags
r-devel-linux-x86_64-debian-clang 0.4.26 506.48 54.93 561.41 OK
r-devel-linux-x86_64-debian-gcc 0.4.26 467.17 40.14 507.31 OK
r-devel-linux-x86_64-fedora-gcc 0.4.26 412.00 961.42 1373.42 OK
r-devel-windows-x86_64 0.4.26 809.00 118.00 927.00 OK
r-patched-linux-x86_64 0.4.26 707.49 51.43 758.92 OK
r-release-linux-x86_64 0.4.26 702.18 51.55 753.73 OK
r-release-macos-arm64 0.4.26 171.00 27.00 198.00 OK
r-release-macos-x86_64 0.4.26 171.00 80.00 251.00 OK
r-release-windows-x86_64 0.4.26 831.00 124.00 955.00 OK
r-oldrel-macos-arm64 0.4.26 159.00 36.00 195.00 NOTE
r-oldrel-macos-x86_64 0.4.26 204.00 82.00 286.00 NOTE
r-oldrel-windows-x86_64 0.4.26 1026.00 149.00 1175.00 NOTE

Check Details

Version: 0.4.26
Check: installed package size
Result: NOTE installed size is 103.5Mb sub-directories of 1Mb or more: libs 102.9Mb Flavors: r-oldrel-macos-arm64, r-oldrel-macos-x86_64, r-oldrel-windows-x86_64

These binaries (installable software) and packages are in development.
They may not be fully stable and should be used with caution. We make no claims about them.