CRAN Package Check Results for Package RQuantLib

Last updated on 2025-07-27 15:49:25 CEST.

Flavor Version Tinstall Tcheck Ttotal Status Flags
r-devel-linux-x86_64-debian-clang 0.4.26 515.41 51.96 567.37 OK
r-devel-linux-x86_64-debian-gcc 0.4.26 492.95 39.28 532.23 OK
r-devel-linux-x86_64-fedora-gcc 0.4.26 1379.83 OK
r-devel-windows-x86_64 0.4.26 853.00 127.00 980.00 OK
r-patched-linux-x86_64 0.4.26 706.86 48.56 755.42 OK
r-release-linux-x86_64 0.4.26 713.42 48.75 762.17 OK
r-release-macos-arm64 0.4.26 198.00 OK
r-release-macos-x86_64 0.4.26 251.00 OK
r-release-windows-x86_64 0.4.26 792.00 123.00 915.00 OK
r-oldrel-macos-arm64 0.4.26 195.00 NOTE
r-oldrel-macos-x86_64 0.4.26 286.00 NOTE
r-oldrel-windows-x86_64 0.4.26 1009.00 142.00 1151.00 NOTE

Check Details

Version: 0.4.26
Check: installed package size
Result: NOTE installed size is 103.5Mb sub-directories of 1Mb or more: libs 102.9Mb Flavors: r-oldrel-macos-arm64, r-oldrel-macos-x86_64, r-oldrel-windows-x86_64

These binaries (installable software) and packages are in development.
They may not be fully stable and should be used with caution. We make no claims about them.