Last updated on 2025-02-23 13:51:24 CET.
Flavor | Version | Tinstall | Tcheck | Ttotal | Status | Flags |
---|---|---|---|---|---|---|
r-devel-linux-x86_64-debian-clang | 0.4.24 | 502.93 | 49.00 | 551.93 | NOTE | |
r-devel-linux-x86_64-debian-gcc | 0.4.24 | 504.15 | 36.34 | 540.49 | NOTE | |
r-devel-linux-x86_64-fedora-gcc | 0.4.24 | 1484.95 | NOTE | |||
r-devel-macos-arm64 | 0.4.24 | 170.00 | OK | |||
r-devel-macos-x86_64 | 0.4.24 | 215.00 | OK | |||
r-devel-windows-x86_64 | 0.4.24 | 771.00 | 129.00 | 900.00 | OK | |
r-patched-linux-x86_64 | 0.4.24 | 699.85 | 46.06 | 745.91 | OK | |
r-release-linux-x86_64 | 0.4.24 | 708.18 | 45.84 | 754.02 | OK | |
r-release-macos-arm64 | 0.4.24 | 203.00 | NOTE | |||
r-release-macos-x86_64 | 0.4.24 | 328.00 | NOTE | |||
r-release-windows-x86_64 | 0.4.24 | 836.00 | 122.00 | 958.00 | NOTE | |
r-oldrel-macos-arm64 | 0.4.24 | 195.00 | NOTE | |||
r-oldrel-macos-x86_64 | 0.4.24 | 105.00 | NOTE | |||
r-oldrel-windows-x86_64 | 0.4.24 | 708.00 | 146.00 | 854.00 | NOTE |
Version: 0.4.24
Check: top-level files
Result: NOTE
possible bashism in configure.ac line 70 (should be 'b = a'):
if test x"${QUANTLIB}" == x"yes" ; then
possible bashism in configure.ac line 95 (should be 'b = a'):
elif test "`uname`" == "Darwin" ; then
Flavors: r-devel-linux-x86_64-debian-clang, r-devel-linux-x86_64-debian-gcc, r-devel-linux-x86_64-fedora-gcc
Version: 0.4.24
Check: installed package size
Result: NOTE
installed size is 99.2Mb
sub-directories of 1Mb or more:
libs 98.6Mb
Flavors: r-release-macos-arm64, r-release-macos-x86_64, r-release-windows-x86_64, r-oldrel-macos-arm64, r-oldrel-macos-x86_64, r-oldrel-windows-x86_64
These binaries (installable software) and packages are in development.
They may not be fully stable and should be used with caution. We make no claims about them.