CRAN Package Check Results for Package RRF

Last updated on 2025-10-23 21:51:39 CEST.

Flavor Version Tinstall Tcheck Ttotal Status Flags
r-devel-linux-x86_64-debian-clang 1.9.4.1 6.75 33.31 40.06 NOTE
r-devel-linux-x86_64-debian-gcc 1.9.4.1 5.75 24.32 30.07 NOTE
r-devel-linux-x86_64-fedora-clang 1.9.4.1 21.00 38.93 59.93 OK
r-devel-linux-x86_64-fedora-gcc 1.9.4.1 18.00 39.96 57.96 OK
r-devel-windows-x86_64 1.9.4.1 13.00 53.00 66.00 OK
r-patched-linux-x86_64 1.9.4.1 7.63 30.85 38.48 OK
r-release-linux-x86_64 1.9.4.1 6.97 31.10 38.07 OK
r-release-macos-arm64 1.9.4.1 4.00 18.00 22.00 OK
r-release-macos-x86_64 1.9.4.1 10.00 41.00 51.00 OK
r-release-windows-x86_64 1.9.4.1 13.00 57.00 70.00 OK
r-oldrel-macos-arm64 1.9.4.1 5.00 21.00 26.00 OK
r-oldrel-macos-x86_64 1.9.4.1 15.00 29.00 44.00 OK
r-oldrel-windows-x86_64 1.9.4.1 14.00 61.00 75.00 OK

Check Details

Version: 1.9.4.1
Check: CRAN incoming feasibility
Result: NOTE Maintainer: ‘Houtao Deng <softwaredeng@gmail.com>’ Package CITATION file contains call(s) to old-style personList() or as.personList(). Please use c() on person objects instead. Package CITATION file contains call(s) to old-style citEntry(). Please use bibentry() instead. Flavors: r-devel-linux-x86_64-debian-clang, r-devel-linux-x86_64-debian-gcc

These binaries (installable software) and packages are in development.
They may not be fully stable and should be used with caution. We make no claims about them.