Last updated on 2025-07-19 21:49:47 CEST.
Flavor | Version | Tinstall | Tcheck | Ttotal | Status | Flags |
---|---|---|---|---|---|---|
r-devel-linux-x86_64-debian-clang | 1.9.4.1 | 7.09 | 31.04 | 38.13 | NOTE | |
r-devel-linux-x86_64-debian-gcc | 1.9.4.1 | 5.42 | 24.31 | 29.73 | NOTE | |
r-devel-linux-x86_64-fedora-clang | 1.9.4.1 | 59.16 | OK | |||
r-devel-linux-x86_64-fedora-gcc | 1.9.4.1 | 57.43 | OK | |||
r-devel-windows-x86_64 | 1.9.4.1 | 13.00 | 57.00 | 70.00 | OK | |
r-patched-linux-x86_64 | 1.9.4.1 | 7.74 | 29.29 | 37.03 | OK | |
r-release-linux-x86_64 | 1.9.4.1 | 6.96 | 29.31 | 36.27 | OK | |
r-release-macos-arm64 | 1.9.4.1 | 22.00 | OK | |||
r-release-macos-x86_64 | 1.9.4.1 | 51.00 | OK | |||
r-release-windows-x86_64 | 1.9.4.1 | 12.00 | 56.00 | 68.00 | OK | |
r-oldrel-macos-arm64 | 1.9.4.1 | 26.00 | OK | |||
r-oldrel-macos-x86_64 | 1.9.4.1 | 44.00 | OK | |||
r-oldrel-windows-x86_64 | 1.9.4.1 | 14.00 | 62.00 | 76.00 | OK |
Version: 1.9.4.1
Check: CRAN incoming feasibility
Result: NOTE
Maintainer: ‘Houtao Deng <softwaredeng@gmail.com>’
Package CITATION file contains call(s) to old-style personList() or
as.personList(). Please use c() on person objects instead.
Package CITATION file contains call(s) to old-style citEntry(). Please
use bibentry() instead.
Flavors: r-devel-linux-x86_64-debian-clang, r-devel-linux-x86_64-debian-gcc
These binaries (installable software) and packages are in development.
They may not be fully stable and should be used with caution. We make no claims about them.