Last updated on 2025-05-08 04:52:17 CEST.
Flavor | Version | Tinstall | Tcheck | Ttotal | Status | Flags |
---|---|---|---|---|---|---|
r-devel-linux-x86_64-debian-clang | 0.1.2 | 2.89 | 24.11 | 27.00 | NOTE | |
r-devel-linux-x86_64-debian-gcc | 0.1.2 | 2.44 | 19.67 | 22.11 | NOTE | |
r-devel-linux-x86_64-fedora-clang | 0.1.2 | 42.68 | OK | |||
r-devel-linux-x86_64-fedora-gcc | 0.1.2 | 40.97 | OK | |||
r-devel-windows-x86_64 | 0.1.2 | 4.00 | 43.00 | 47.00 | OK | |
r-patched-linux-x86_64 | 0.1.2 | 3.03 | 23.39 | 26.42 | OK | |
r-release-linux-x86_64 | 0.1.2 | 2.75 | 23.42 | 26.17 | OK | |
r-release-macos-arm64 | 0.1.2 | 18.00 | OK | |||
r-release-macos-x86_64 | 0.1.2 | 43.00 | OK | |||
r-release-windows-x86_64 | 0.1.2 | 4.00 | 44.00 | 48.00 | OK | |
r-oldrel-macos-arm64 | 0.1.2 | 18.00 | NOTE | |||
r-oldrel-macos-x86_64 | 0.1.2 | 40.00 | NOTE | |||
r-oldrel-windows-x86_64 | 0.1.2 | 4.00 | 47.00 | 51.00 | NOTE |
Version: 0.1.2
Check: CRAN incoming feasibility
Result: NOTE
Maintainer: ‘Michael Treadwell <michael.treadwell@interworks.com>’
No Authors@R field in DESCRIPTION.
Please add one, modifying
Authors@R: person(given = "Michael",
family = "Treadwell",
role = c("aut", "cre"),
email = "michael.treadwell@interworks.com")
as necessary.
Flavors: r-devel-linux-x86_64-debian-clang, r-devel-linux-x86_64-debian-gcc
Version: 0.1.2
Check: LazyData
Result: NOTE
'LazyData' is specified without a 'data' directory
Flavors: r-oldrel-macos-arm64, r-oldrel-macos-x86_64, r-oldrel-windows-x86_64
These binaries (installable software) and packages are in development.
They may not be fully stable and should be used with caution. We make no claims about them.