Last updated on 2025-10-23 09:50:57 CEST.
Flavor | Version | Tinstall | Tcheck | Ttotal | Status | Flags |
---|---|---|---|---|---|---|
r-devel-linux-x86_64-debian-clang | 0.0.5 | 48.77 | 419.62 | 468.39 | OK | |
r-devel-linux-x86_64-debian-gcc | 0.0.5 | 30.67 | 262.51 | 293.18 | OK | |
r-devel-linux-x86_64-fedora-clang | 0.0.5 | 112.00 | 644.58 | 756.58 | OK | |
r-devel-linux-x86_64-fedora-gcc | 0.0.5 | 93.00 | 652.43 | 745.43 | OK | |
r-devel-windows-x86_64 | 0.0.5 | 44.00 | 313.00 | 357.00 | OK | |
r-patched-linux-x86_64 | 0.0.5 | 47.07 | 397.44 | 444.51 | OK | |
r-release-linux-x86_64 | 0.0.5 | 44.83 | 393.98 | 438.81 | OK | |
r-release-macos-arm64 | 0.0.5 | 21.00 | 155.00 | 176.00 | OK | |
r-release-macos-x86_64 | 0.0.5 | 41.00 | 317.00 | 358.00 | OK | |
r-release-windows-x86_64 | 0.0.5 | 45.00 | 326.00 | 371.00 | OK | |
r-oldrel-macos-arm64 | 0.0.5 | 17.00 | 146.00 | 163.00 | NOTE | |
r-oldrel-macos-x86_64 | 0.0.5 | 41.00 | 323.00 | 364.00 | NOTE | |
r-oldrel-windows-x86_64 | 0.0.5 | 63.00 | 443.00 | 506.00 | NOTE |
Version: 0.0.5
Check: package dependencies
Result: NOTE
Package suggested but not available for checking: ‘rnaturalearthhires’
Flavors: r-oldrel-macos-arm64, r-oldrel-macos-x86_64, r-oldrel-windows-x86_64
These binaries (installable software) and packages are in development.
They may not be fully stable and should be used with caution. We make no claims about them.