Last updated on 2024-07-27 15:50:32 CEST.
Flavor | Version | Tinstall | Tcheck | Ttotal | Status | Flags |
---|---|---|---|---|---|---|
r-devel-linux-x86_64-debian-clang | 2.8.0 | 28.67 | 412.38 | 441.05 | OK | |
r-devel-linux-x86_64-debian-gcc | 2.8.0 | OK | ||||
r-devel-linux-x86_64-fedora-clang | 2.8.0 | 593.07 | NOTE | |||
r-devel-linux-x86_64-fedora-gcc | 2.8.0 | 585.30 | OK | |||
r-devel-windows-x86_64 | 2.8.0 | 27.00 | 254.00 | 281.00 | NOTE | |
r-patched-linux-x86_64 | 2.8.0 | OK | ||||
r-release-linux-x86_64 | 2.8.0 | 26.63 | 393.80 | 420.43 | OK | |
r-release-macos-arm64 | 2.8.0 | 119.00 | NOTE | |||
r-release-macos-x86_64 | 2.8.0 | 189.00 | NOTE | |||
r-release-windows-x86_64 | 2.8.0 | 25.00 | 252.00 | 277.00 | NOTE | |
r-oldrel-macos-arm64 | 2.8.0 | 137.00 | NOTE | |||
r-oldrel-macos-x86_64 | 2.8.0 | 193.00 | NOTE | |||
r-oldrel-windows-x86_64 | 2.8.0 | 34.00 | 323.00 | 357.00 | NOTE |
Version: 2.8.0
Check: installed package size
Result: NOTE
installed size is 5.3Mb
sub-directories of 1Mb or more:
doc 3.6Mb
Flavors: r-devel-linux-x86_64-fedora-clang, r-devel-windows-x86_64, r-release-macos-arm64, r-release-macos-x86_64, r-release-windows-x86_64, r-oldrel-macos-arm64, r-oldrel-macos-x86_64, r-oldrel-windows-x86_64
These binaries (installable software) and packages are in development.
They may not be fully stable and should be used with caution. We make no claims about them.