Last updated on 2025-02-16 10:50:57 CET.
Flavor | Version | Tinstall | Tcheck | Ttotal | Status | Flags |
---|---|---|---|---|---|---|
r-devel-linux-x86_64-debian-clang | 0.1.1 | 17.34 | 127.50 | 144.84 | OK | |
r-devel-linux-x86_64-debian-gcc | 0.1.1 | 12.15 | 86.87 | 99.02 | OK | |
r-devel-linux-x86_64-fedora-clang | 0.1.1 | 236.73 | OK | |||
r-devel-linux-x86_64-fedora-gcc | 0.1.1 | 222.47 | OK | |||
r-devel-macos-arm64 | 0.1.1 | 87.00 | OK | |||
r-devel-macos-x86_64 | 0.1.1 | 146.00 | OK | |||
r-devel-windows-x86_64 | 0.1.1 | 19.00 | 113.00 | 132.00 | OK | |
r-patched-linux-x86_64 | 0.1.1 | 15.24 | 117.22 | 132.46 | OK | |
r-release-linux-x86_64 | 0.1.1 | 16.22 | 116.97 | 133.19 | OK | |
r-release-macos-arm64 | 0.1.1 | 89.00 | OK | |||
r-release-macos-x86_64 | 0.1.1 | 126.00 | OK | |||
r-release-windows-x86_64 | 0.1.1 | 19.00 | 121.00 | 140.00 | OK | |
r-oldrel-macos-arm64 | 0.1.1 | 63.00 | OK | |||
r-oldrel-macos-x86_64 | 0.1.1 | 214.00 | NOTE | |||
r-oldrel-windows-x86_64 | 0.1.1 | 27.00 | 160.00 | 187.00 | OK |
Version: 0.1.1
Check: installed package size
Result: NOTE
installed size is 5.5Mb
sub-directories of 1Mb or more:
data 5.1Mb
Flavor: r-oldrel-macos-x86_64
These binaries (installable software) and packages are in development.
They may not be fully stable and should be used with caution. We make no claims about them.