CRAN Package Check Results for Package RSC

Last updated on 2025-02-16 10:50:57 CET.

Flavor Version Tinstall Tcheck Ttotal Status Flags
r-devel-linux-x86_64-debian-clang 2.0.4 6.22 54.15 60.37 NOTE
r-devel-linux-x86_64-debian-gcc 2.0.4 4.97 43.65 48.62 NOTE
r-devel-linux-x86_64-fedora-clang 2.0.4 99.45 OK
r-devel-linux-x86_64-fedora-gcc 2.0.4 93.00 OK
r-devel-macos-arm64 2.0.4 31.00 OK
r-devel-macos-x86_64 2.0.4 60.00 OK
r-devel-windows-x86_64 2.0.4 11.00 80.00 91.00 NOTE
r-patched-linux-x86_64 2.0.4 6.51 51.10 57.61 OK
r-release-linux-x86_64 2.0.4 6.75 51.75 58.50 OK
r-release-macos-arm64 2.0.4 31.00 OK
r-release-macos-x86_64 2.0.4 62.00 OK
r-release-windows-x86_64 2.0.4 11.00 75.00 86.00 OK
r-oldrel-macos-arm64 2.0.4 34.00 OK
r-oldrel-macos-x86_64 2.0.4 63.00 OK
r-oldrel-windows-x86_64 2.0.4 13.00 89.00 102.00 OK

Check Details

Version: 2.0.4
Check: Rd cross-references
Result: NOTE Found the following Rd file(s) with Rd \link{} targets missing package anchors: rmad.Rd: Matrix rsc.Rd: Matrix Please provide package anchors for all Rd \link{} targets not in the package itself and the base packages. Flavors: r-devel-linux-x86_64-debian-clang, r-devel-linux-x86_64-debian-gcc, r-devel-windows-x86_64

These binaries (installable software) and packages are in development.
They may not be fully stable and should be used with caution. We make no claims about them.