Last updated on 2025-04-15 00:50:22 CEST.
Flavor | Version | Tinstall | Tcheck | Ttotal | Status | Flags |
---|---|---|---|---|---|---|
r-devel-linux-x86_64-debian-clang | 3.2.1 | 22.18 | 236.40 | 258.58 | OK | |
r-devel-linux-x86_64-debian-gcc | 3.2.1 | 14.42 | 159.80 | 174.22 | OK | |
r-devel-linux-x86_64-fedora-clang | 3.2.1 | 410.93 | OK | |||
r-devel-linux-x86_64-fedora-gcc | 3.2.1 | 416.77 | OK | |||
r-devel-windows-x86_64 | 3.2.1 | 26.00 | 238.00 | 264.00 | OK | |
r-patched-linux-x86_64 | 3.2.1 | 21.01 | 225.75 | 246.76 | OK | |
r-release-linux-x86_64 | 3.2.1 | 22.08 | 227.78 | 249.86 | OK | |
r-release-macos-arm64 | 3.2.1 | 133.00 | OK | |||
r-release-macos-x86_64 | 3.2.1 | 208.00 | OK | |||
r-release-windows-x86_64 | 3.2.1 | 25.00 | 241.00 | 266.00 | OK | |
r-oldrel-macos-arm64 | 3.2.1 | 120.00 | NOTE | |||
r-oldrel-macos-x86_64 | 3.2.1 | 164.00 | NOTE | |||
r-oldrel-windows-x86_64 | 3.2.1 | 34.00 | 302.00 | 336.00 | NOTE |
Version: 3.2.1
Check: installed package size
Result: NOTE
installed size is 5.3Mb
sub-directories of 1Mb or more:
doc 4.2Mb
Flavors: r-oldrel-macos-arm64, r-oldrel-macos-x86_64, r-oldrel-windows-x86_64
These binaries (installable software) and packages are in development.
They may not be fully stable and should be used with caution. We make no claims about them.