CRAN Package Check Results for Package RSDA

Last updated on 2025-10-23 11:50:26 CEST.

Flavor Version Tinstall Tcheck Ttotal Status Flags
r-devel-linux-x86_64-debian-clang 3.2.5 25.58 261.47 287.05 NOTE
r-devel-linux-x86_64-debian-gcc 3.2.5 16.84 172.69 189.53 OK
r-devel-linux-x86_64-fedora-clang 3.2.5 68.00 381.16 449.16 OK
r-devel-linux-x86_64-fedora-gcc 3.2.5 47.00 393.54 440.54 OK
r-devel-windows-x86_64 3.2.5 29.00 258.00 287.00 OK
r-patched-linux-x86_64 3.2.5 24.46 249.24 273.70 OK
r-release-linux-x86_64 3.2.5 24.42 247.39 271.81 OK
r-release-macos-arm64 3.2.5 12.00 116.00 128.00 OK
r-release-macos-x86_64 3.2.5 25.00 179.00 204.00 OK
r-release-windows-x86_64 3.2.5 31.00 336.00 367.00 OK
r-oldrel-macos-arm64 3.2.5 11.00 125.00 136.00 NOTE
r-oldrel-macos-x86_64 3.2.5 27.00 244.00 271.00 NOTE
r-oldrel-windows-x86_64 3.2.5 39.00 338.00 377.00 NOTE

Check Details

Version: 3.2.5
Check: HTML version of manual
Result: NOTE Found the following HTML validation problems: as.data.frame.symbolic_histogram.html:51:1 (as.data.frame.symbolic_histogram.Rd:12): Warning: missing </ul> before </div> as.data.frame.symbolic_interval.html:51:1 (as.data.frame.symbolic_interval.Rd:12): Warning: missing </ul> before </div> as.data.frame.symbolic_modal.html:51:1 (as.data.frame.symbolic_modal.Rd:12): Warning: missing </ul> before </div> as.data.frame.symbolic_set.html:51:1 (as.data.frame.symbolic_set.Rd:12): Warning: missing </ul> before </div> calc.burt.sym.html:50:1 (calc.burt.sym.Rd:12): Warning: missing </ul> before </div> cash-.symbolic_histogram.html:51:1 (cash-.symbolic_histogram.Rd:12): Warning: missing </ul> before </div> cash-.symbolic_modal.html:51:1 (cash-.symbolic_modal.Rd:12): Warning: missing </ul> before </div> cash-.symbolic_set.html:51:1 (cash-.symbolic_set.Rd:12): Warning: missing </ul> before </div> format.symbolic_histogram.html:51:1 (format.symbolic_histogram.Rd:12): Warning: missing </ul> before </div> format.symbolic_interval.html:51:1 (format.symbolic_interval.Rd:12): Warning: missing </ul> before </div> format.symbolic_modal.html:51:1 (format.symbolic_modal.Rd:12): Warning: missing </ul> before </div> format.symbolic_set.html:51:1 (format.symbolic_set.Rd:12): Warning: missing </ul> before </div> get_cats.html:50:1 (get_cats.Rd:12): Warning: missing </ul> before </div> get_props.html:50:1 (get_props.Rd:12): Warning: missing </ul> before </div> interval.centers.html:46:1 (interval.centers.Rd:10): Warning: missing </ul> before </div> interval.max.html:46:1 (interval.max.Rd:10): Warning: missing </ul> before </div> interval.min.html:46:1 (interval.min.Rd:10): Warning: missing </ul> before </div> interval.ranges.html:46:1 (interval.ranges.Rd:10): Warning: missing </ul> before </div> method_summary.html:50:1 (method_summary.Rd:12): Warning: missing </ul> before </div> plot.sym_umap.html:51:1 (plot.sym_umap.Rd:12): Warning: missing </ul> before </div> sym.umap.html:71:1 (sym.umap.Rd:27): Warning: missing </ul> before </div> Flavor: r-devel-linux-x86_64-debian-clang

Version: 3.2.5
Check: installed package size
Result: NOTE installed size is 5.1Mb sub-directories of 1Mb or more: doc 4.2Mb Flavors: r-oldrel-macos-arm64, r-oldrel-macos-x86_64, r-oldrel-windows-x86_64

These binaries (installable software) and packages are in development.
They may not be fully stable and should be used with caution. We make no claims about them.