CRAN Package Check Results for Package RSDA

Last updated on 2025-05-08 04:52:17 CEST.

Flavor Version Tinstall Tcheck Ttotal Status Flags
r-devel-linux-x86_64-debian-clang 3.2.1 23.12 249.06 272.18 OK
r-devel-linux-x86_64-debian-gcc 3.2.1 15.05 168.51 183.56 OK
r-devel-linux-x86_64-fedora-clang 3.2.1 466.18 OK
r-devel-linux-x86_64-fedora-gcc 3.2.1 471.51 OK
r-devel-windows-x86_64 3.2.1 28.00 247.00 275.00 OK
r-patched-linux-x86_64 3.2.1 22.42 234.61 257.03 OK
r-release-linux-x86_64 3.2.1 22.17 233.56 255.73 OK
r-release-macos-arm64 3.2.1 133.00 OK
r-release-macos-x86_64 3.2.1 208.00 OK
r-release-windows-x86_64 3.2.1 27.00 245.00 272.00 OK
r-oldrel-macos-arm64 3.2.1 120.00 NOTE
r-oldrel-macos-x86_64 3.2.1 164.00 NOTE
r-oldrel-windows-x86_64 3.2.1 34.00 315.00 349.00 NOTE

Check Details

Version: 3.2.1
Check: installed package size
Result: NOTE installed size is 5.3Mb sub-directories of 1Mb or more: doc 4.2Mb Flavors: r-oldrel-macos-arm64, r-oldrel-macos-x86_64, r-oldrel-windows-x86_64

These binaries (installable software) and packages are in development.
They may not be fully stable and should be used with caution. We make no claims about them.