CRAN Package Check Results for Package RSDC

Last updated on 2025-11-13 23:50:50 CET.

Flavor Version Tinstall Tcheck Ttotal Status Flags
r-devel-linux-x86_64-debian-clang 1.1-2 2.40 45.11 47.51 OK
r-devel-linux-x86_64-debian-gcc 1.1-2 2.00 31.65 33.65 OK
r-devel-linux-x86_64-fedora-clang 1.1-2 74.88 NOTE
r-devel-linux-x86_64-fedora-gcc 1.1-2 73.88 NOTE
r-devel-windows-x86_64 1.1-2 4.00 68.00 72.00 OK
r-patched-linux-x86_64 1.1-2 3.03 43.39 46.42 OK
r-release-linux-x86_64 1.1-2 2.28 42.98 45.26 OK
r-release-macos-arm64 1.1-2 1.00 27.00 28.00 OK
r-release-macos-x86_64 1.1-2 2.00 50.00 52.00 OK
r-release-windows-x86_64 1.1-2 5.00 66.00 71.00 OK
r-oldrel-macos-arm64 1.1-2 2.00 31.00 33.00 OK
r-oldrel-macos-x86_64 1.1-2 2.00 57.00 59.00 OK
r-oldrel-windows-x86_64 1.1-2 4.00 86.00 90.00 OK

Check Details

Version: 1.1-2
Check: dependencies in R code
Result: NOTE Namespace in Imports field not imported from: ‘Rdpack’ All declared Imports should be used. Flavors: r-devel-linux-x86_64-fedora-clang, r-devel-linux-x86_64-fedora-gcc

These binaries (installable software) and packages are in development.
They may not be fully stable and should be used with caution. We make no claims about them.