Last updated on 2025-11-13 09:51:01 CET.
| Flavor | Version | Tinstall | Tcheck | Ttotal | Status | Flags |
|---|---|---|---|---|---|---|
| r-devel-linux-x86_64-debian-clang | 1.0.1 | 2.10 | 26.64 | 28.74 | NOTE | |
| r-devel-linux-x86_64-debian-gcc | 1.0.1 | 1.79 | 20.84 | 22.63 | NOTE | |
| r-devel-linux-x86_64-fedora-clang | 1.0.1 | 43.51 | NOTE | |||
| r-devel-linux-x86_64-fedora-gcc | 1.0.1 | 41.40 | NOTE | |||
| r-devel-windows-x86_64 | 1.0.1 | 5.00 | 47.00 | 52.00 | OK | |
| r-patched-linux-x86_64 | 1.0.1 | 2.30 | 24.64 | 26.94 | OK | |
| r-release-linux-x86_64 | 1.0.1 | 1.66 | 24.83 | 26.49 | OK | |
| r-release-macos-arm64 | 1.0.1 | 2.00 | 17.00 | 19.00 | OK | |
| r-release-macos-x86_64 | 1.0.1 | 2.00 | 44.00 | 46.00 | OK | |
| r-release-windows-x86_64 | 1.0.1 | 5.00 | 44.00 | 49.00 | OK | |
| r-oldrel-macos-arm64 | 1.0.1 | 1.00 | 17.00 | 18.00 | OK | |
| r-oldrel-macos-x86_64 | 1.0.1 | 2.00 | 24.00 | 26.00 | OK | |
| r-oldrel-windows-x86_64 | 1.0.1 | 6.00 | 51.00 | 57.00 | OK |
Version: 1.0.1
Check: CRAN incoming feasibility
Result: NOTE
Maintainer: ‘EL KHMISSI Mohamed <mohamed.el-khmissi01@etu.umontpellier.fr>’
No Authors@R field in DESCRIPTION.
Please add one, modifying
Authors@R: person(given = c("EL", "KHMISSI"),
family = "Mohamed",
role = c("aut", "cre"),
email = "mohamed.el-khmissi01@etu.umontpellier.fr")
as necessary.
Flavors: r-devel-linux-x86_64-debian-clang, r-devel-linux-x86_64-debian-gcc
Version: 1.0.1
Check: dependencies in R code
Result: NOTE
Namespaces in Imports field not imported from:
‘keys’ ‘shinyWidgets’ ‘testthat’
All declared Imports should be used.
Flavors: r-devel-linux-x86_64-fedora-clang, r-devel-linux-x86_64-fedora-gcc
These binaries (installable software) and packages are in development.
They may not be fully stable and should be used with caution. We make no claims about them.