Last updated on 2025-10-23 23:49:43 CEST.
Flavor | Version | Tinstall | Tcheck | Ttotal | Status | Flags |
---|---|---|---|---|---|---|
r-devel-linux-x86_64-debian-clang | 4.2-4 | 24.92 | 177.32 | 202.24 | NOTE | |
r-devel-linux-x86_64-debian-gcc | 4.2-4 | 17.82 | 114.28 | 132.10 | OK | |
r-devel-linux-x86_64-fedora-clang | 4.2-4 | 64.00 | 238.33 | 302.33 | OK | |
r-devel-linux-x86_64-fedora-gcc | 4.2-4 | 54.00 | 236.69 | 290.69 | OK | |
r-devel-windows-x86_64 | 4.2-4 | 33.00 | 225.00 | 258.00 | OK | |
r-patched-linux-x86_64 | 4.2-4 | 30.19 | 165.15 | 195.34 | OK | |
r-release-linux-x86_64 | 4.2-4 | 24.75 | 165.30 | 190.05 | OK | |
r-release-macos-arm64 | 4.2-4 | 13.00 | 78.00 | 91.00 | OK | |
r-release-macos-x86_64 | 4.2-4 | 22.00 | 173.00 | 195.00 | OK | |
r-release-windows-x86_64 | 4.2-4 | 31.00 | 227.00 | 258.00 | OK | |
r-oldrel-macos-arm64 | 4.2-4 | 12.00 | 73.00 | 85.00 | OK | |
r-oldrel-macos-x86_64 | 4.2-4 | 24.00 | 145.00 | 169.00 | OK | |
r-oldrel-windows-x86_64 | 4.2-4 | 38.00 | 271.00 | 309.00 | OK |
Version: 4.2-4
Check: HTML version of manual
Result: NOTE
Found the following HTML validation problems:
doMYBUTTS.html:55:1 (doMYBUTTS.Rd:16): Warning: missing </ul> before </div>
Flavor: r-devel-linux-x86_64-debian-clang
These binaries (installable software) and packages are in development.
They may not be fully stable and should be used with caution. We make no claims about them.