Last updated on 2024-07-27 15:50:32 CEST.
Flavor | Version | Tinstall | Tcheck | Ttotal | Status | Flags |
---|---|---|---|---|---|---|
r-devel-linux-x86_64-debian-clang | 2.4.2 | 5.88 | 43.33 | 49.21 | OK | |
r-devel-linux-x86_64-debian-gcc | 2.4.2 | OK | ||||
r-devel-linux-x86_64-fedora-clang | 2.4.2 | 66.11 | NOTE | |||
r-devel-linux-x86_64-fedora-gcc | 2.4.2 | 65.33 | NOTE | |||
r-devel-windows-x86_64 | 2.4.2 | 8.00 | 57.00 | 65.00 | OK | |
r-patched-linux-x86_64 | 2.4.2 | OK | ||||
r-release-linux-x86_64 | 2.4.2 | 6.56 | 42.04 | 48.60 | OK | |
r-release-macos-arm64 | 2.4.2 | 23.00 | OK | |||
r-release-macos-x86_64 | 2.4.2 | 33.00 | OK | |||
r-release-windows-x86_64 | 2.4.2 | 8.00 | 56.00 | 64.00 | OK | |
r-oldrel-macos-arm64 | 2.4.2 | 22.00 | OK | |||
r-oldrel-macos-x86_64 | 2.4.2 | 40.00 | OK | |||
r-oldrel-windows-x86_64 | 2.4.2 | 7.00 | 61.00 | 68.00 | OK |
Version: 2.4.2
Check: compiled code
Result: NOTE
File ‘RSKC/libs/RSKC.so’:
Found no calls to: ‘R_registerRoutines’, ‘R_useDynamicSymbols’
It is good practice to register native routines and to disable symbol
search.
See ‘Writing portable packages’ in the ‘Writing R Extensions’ manual.
Flavors: r-devel-linux-x86_64-fedora-clang, r-devel-linux-x86_64-fedora-gcc
These binaries (installable software) and packages are in development.
They may not be fully stable and should be used with caution. We make no claims about them.