Last updated on 2024-07-27 15:50:32 CEST.
Flavor | Version | Tinstall | Tcheck | Ttotal | Status | Flags |
---|---|---|---|---|---|---|
r-devel-linux-x86_64-debian-clang | 0.4 | 40.21 | 315.30 | 355.51 | OK | |
r-devel-linux-x86_64-debian-gcc | 0.4 | OK | ||||
r-devel-linux-x86_64-fedora-clang | 0.4 | 473.69 | NOTE | |||
r-devel-linux-x86_64-fedora-gcc | 0.4 | 461.98 | OK | |||
r-devel-windows-x86_64 | 0.4 | 35.00 | 215.00 | 250.00 | OK | |
r-patched-linux-x86_64 | 0.4 | OK | ||||
r-release-linux-x86_64 | 0.4 | 29.20 | 296.07 | 325.27 | OK | |
r-release-macos-arm64 | 0.4 | 113.00 | OK | |||
r-release-macos-x86_64 | 0.4 | 160.00 | OK | |||
r-release-windows-x86_64 | 0.4 | 35.00 | 207.00 | 242.00 | OK | |
r-oldrel-macos-arm64 | 0.4 | 117.00 | OK | |||
r-oldrel-macos-x86_64 | 0.4 | 153.00 | OK | |||
r-oldrel-windows-x86_64 | 0.4 | 44.00 | 274.00 | 318.00 | OK |
Version: 0.4
Check: package dependencies
Result: NOTE
Imports includes 28 non-default packages.
Importing from so many packages makes the package vulnerable to any of
them becoming unavailable. Move as many as possible to Suggests and
use conditionally.
Flavor: r-devel-linux-x86_64-fedora-clang
These binaries (installable software) and packages are in development.
They may not be fully stable and should be used with caution. We make no claims about them.