Last updated on 2025-05-21 23:48:54 CEST.
Flavor | Version | Tinstall | Tcheck | Ttotal | Status | Flags |
---|---|---|---|---|---|---|
r-devel-linux-x86_64-debian-clang | 2.3.11 | 137.64 | 69.23 | 206.87 | OK | |
r-devel-linux-x86_64-debian-gcc | 2.3.11 | 126.32 | 51.27 | 177.59 | OK | |
r-devel-linux-x86_64-fedora-clang | 2.3.11 | 343.19 | OK | |||
r-devel-linux-x86_64-fedora-gcc | 2.3.11 | 421.74 | OK | |||
r-devel-windows-x86_64 | 2.3.11 | 217.00 | 118.00 | 335.00 | ERROR | |
r-patched-linux-x86_64 | 2.3.11 | 174.22 | 66.25 | 240.47 | OK | |
r-release-linux-x86_64 | 2.3.11 | 179.91 | 66.97 | 246.88 | OK | |
r-release-macos-arm64 | 2.3.11 | 109.00 | OK | |||
r-release-macos-x86_64 | 2.3.11 | 201.00 | OK | |||
r-release-windows-x86_64 | 2.3.11 | 219.00 | 121.00 | 340.00 | OK | |
r-oldrel-macos-arm64 | 2.3.11 | 105.00 | NOTE | |||
r-oldrel-macos-x86_64 | 2.3.11 | 198.00 | NOTE | |||
r-oldrel-windows-x86_64 | 2.3.10 | 159.00 | 146.00 | 305.00 | OK |
Version: 2.3.11
Check: whether package can be installed
Result: ERROR
Installation failed.
Flavor: r-devel-windows-x86_64
Version: 2.3.11
Check: installed package size
Result: NOTE
installed size is 12.5Mb
sub-directories of 1Mb or more:
libs 11.8Mb
Flavors: r-oldrel-macos-arm64, r-oldrel-macos-x86_64
These binaries (installable software) and packages are in development.
They may not be fully stable and should be used with caution. We make no claims about them.