Last updated on 2025-10-23 11:50:26 CEST.
Flavor | Version | Tinstall | Tcheck | Ttotal | Status | Flags |
---|---|---|---|---|---|---|
r-devel-linux-x86_64-debian-clang | 2.4.3 | 130.77 | 70.60 | 201.37 | NOTE | |
r-devel-linux-x86_64-debian-gcc | 2.4.3 | 100.08 | 51.38 | 151.46 | OK | |
r-devel-linux-x86_64-fedora-clang | 2.4.3 | 261.00 | 79.27 | 340.27 | OK | |
r-devel-linux-x86_64-fedora-gcc | 2.4.3 | 315.00 | 64.78 | 379.78 | OK | |
r-devel-windows-x86_64 | 2.4.3 | 215.00 | 115.00 | 330.00 | OK | |
r-patched-linux-x86_64 | 2.4.3 | 177.52 | 68.06 | 245.58 | OK | |
r-release-linux-x86_64 | 2.4.3 | 171.34 | 68.68 | 240.02 | OK | |
r-release-macos-arm64 | 2.4.3 | 58.00 | 77.00 | 135.00 | OK | |
r-release-macos-x86_64 | 2.4.3 | 82.00 | 83.00 | 165.00 | OK | |
r-release-windows-x86_64 | 2.4.3 | 220.00 | 117.00 | 337.00 | OK | |
r-oldrel-macos-arm64 | 2.4.3 | 55.00 | 172.00 | 227.00 | NOTE | |
r-oldrel-macos-x86_64 | 2.4.3 | 82.00 | 90.00 | 172.00 | NOTE | |
r-oldrel-windows-x86_64 | 2.4.3 | 258.00 | 146.00 | 404.00 | OK |
Version: 2.4.3
Check: HTML version of manual
Result: NOTE
Found the following HTML validation problems:
dbBeginTransaction.html:50:1 (dbBeginTransaction.Rd:12): Warning: missing </ul> before </div>
query-dep.html:68:1 (query-dep.Rd:32): Warning: missing </ul> before </div>
Flavor: r-devel-linux-x86_64-debian-clang
Version: 2.4.3
Check: installed package size
Result: NOTE
installed size is 12.6Mb
sub-directories of 1Mb or more:
libs 11.8Mb
Flavors: r-oldrel-macos-arm64, r-oldrel-macos-x86_64
These binaries (installable software) and packages are in development.
They may not be fully stable and should be used with caution. We make no claims about them.