CRAN Package Check Results for Package RSauceLabs

Last updated on 2025-05-01 15:49:43 CEST.

Flavor Version Tinstall Tcheck Ttotal Status Flags
r-devel-linux-x86_64-debian-clang 0.1.6 3.28 33.04 36.32 NOTE
r-devel-linux-x86_64-debian-gcc 0.1.6 2.39 24.96 27.35 NOTE
r-devel-linux-x86_64-fedora-clang 0.1.6 56.38 OK
r-devel-linux-x86_64-fedora-gcc 0.1.6 52.75 OK
r-devel-windows-x86_64 0.1.6 5.00 57.00 62.00 NOTE
r-patched-linux-x86_64 0.1.6 3.79 31.20 34.99 NOTE
r-release-linux-x86_64 NOTE
r-release-macos-arm64 0.1.6 23.00 OK
r-release-macos-x86_64 0.1.6 37.00 OK
r-release-windows-x86_64 0.1.6 4.00 58.00 62.00 NOTE
r-oldrel-macos-arm64 0.1.6 20.00 OK
r-oldrel-macos-x86_64 0.1.6 28.00 OK
r-oldrel-windows-x86_64 0.1.6 6.00 62.00 68.00 OK

Check Details

Version: 0.1.6
Check: Rd cross-references
Result: NOTE Found the following Rd file(s) with Rd \link{} targets missing package anchors: account.Rd: authenticate queryAPI.Rd: VERB, content Please provide package anchors for all Rd \link{} targets not in the package itself and the base packages. Flavors: r-devel-linux-x86_64-debian-clang, r-devel-linux-x86_64-debian-gcc, r-devel-windows-x86_64, r-patched-linux-x86_64, r-release-linux-x86_64, r-release-windows-x86_64

These binaries (installable software) and packages are in development.
They may not be fully stable and should be used with caution. We make no claims about them.