CRAN Package Check Results for Package RSauceLabs

Last updated on 2025-02-16 10:50:57 CET.

Flavor Version Tinstall Tcheck Ttotal Status Flags
r-devel-linux-x86_64-debian-clang 0.1.6 3.55 32.03 35.58 NOTE
r-devel-linux-x86_64-debian-gcc 0.1.6 2.59 23.30 25.89 NOTE
r-devel-linux-x86_64-fedora-clang 0.1.6 58.71 OK
r-devel-linux-x86_64-fedora-gcc 0.1.6 53.34 OK
r-devel-macos-arm64 0.1.6 23.00 OK
r-devel-macos-x86_64 0.1.6 37.00 OK
r-devel-windows-x86_64 0.1.6 5.00 57.00 62.00 NOTE
r-patched-linux-x86_64 0.1.6 6.94 29.60 36.54 OK
r-release-linux-x86_64 0.1.6 2.90 30.04 32.94 OK
r-release-macos-arm64 0.1.6 20.00 OK
r-release-macos-x86_64 0.1.6 28.00 OK
r-release-windows-x86_64 0.1.6 6.00 57.00 63.00 OK
r-oldrel-macos-arm64 0.1.6 20.00 OK
r-oldrel-macos-x86_64 0.1.6 28.00 OK
r-oldrel-windows-x86_64 0.1.6 6.00 65.00 71.00 OK

Check Details

Version: 0.1.6
Check: Rd cross-references
Result: NOTE Found the following Rd file(s) with Rd \link{} targets missing package anchors: account.Rd: authenticate queryAPI.Rd: VERB, content Please provide package anchors for all Rd \link{} targets not in the package itself and the base packages. Flavors: r-devel-linux-x86_64-debian-clang, r-devel-linux-x86_64-debian-gcc, r-devel-windows-x86_64

These binaries (installable software) and packages are in development.
They may not be fully stable and should be used with caution. We make no claims about them.