Last updated on 2025-02-16 10:50:57 CET.
Flavor | Version | Tinstall | Tcheck | Ttotal | Status | Flags |
---|---|---|---|---|---|---|
r-devel-linux-x86_64-debian-clang | 1.7.9 | 3.90 | 39.36 | 43.26 | NOTE | |
r-devel-linux-x86_64-debian-gcc | 1.7.9 | 2.70 | 31.73 | 34.43 | NOTE | |
r-devel-linux-x86_64-fedora-clang | 1.7.9 | 70.81 | NOTE | |||
r-devel-linux-x86_64-fedora-gcc | 1.7.9 | 79.00 | NOTE | |||
r-devel-macos-arm64 | 1.7.9 | 35.00 | NOTE | |||
r-devel-macos-x86_64 | 1.7.9 | 62.00 | NOTE | |||
r-devel-windows-x86_64 | 1.7.9 | 6.00 | 59.00 | 65.00 | NOTE | |
r-patched-linux-x86_64 | 1.7.9 | 4.00 | 36.16 | 40.16 | NOTE | |
r-release-linux-x86_64 | 1.7.9 | 3.04 | 36.46 | 39.50 | NOTE | |
r-release-macos-arm64 | 1.7.9 | 31.00 | NOTE | |||
r-release-macos-x86_64 | 1.7.9 | 47.00 | NOTE | |||
r-release-windows-x86_64 | 1.7.9 | 5.00 | 60.00 | 65.00 | NOTE | |
r-oldrel-macos-arm64 | 1.7.9 | 35.00 | OK | |||
r-oldrel-macos-x86_64 | 1.7.9 | 48.00 | OK | |||
r-oldrel-windows-x86_64 | 1.7.9 | 6.00 | 69.00 | 75.00 | OK |
Version: 1.7.9
Check: Rd files
Result: NOTE
checkRd: (-1) remoteDriver-class.Rd:39-40: Lost braces
39 | browser being used; should be one of {chrome|firefox|htmlunit|
| ^
checkRd: (-1) remoteDriver-class.Rd:50: Lost braces; missing escapes or markup?
50 | of {WINDOWS|XP|VISTA|MAC|LINUX|UNIX}. When requesting a new session,
| ^
checkRd: (-1) remoteDriver-class.Rd:194-196: Lost braces
194 | element, available schemes: {"class name", "css selector",
| ^
checkRd: (-1) webElement-class.Rd:50-52: Lost braces
50 | element, available schemes: {"class name", "css selector",
| ^
checkRd: (-1) webElement-class.Rd:67-69: Lost braces
67 | element, available schemes: {"class name", "css selector",
| ^
Flavors: r-devel-linux-x86_64-debian-clang, r-devel-linux-x86_64-debian-gcc, r-devel-linux-x86_64-fedora-clang, r-devel-linux-x86_64-fedora-gcc, r-devel-macos-arm64, r-devel-macos-x86_64, r-devel-windows-x86_64, r-patched-linux-x86_64, r-release-linux-x86_64, r-release-macos-arm64, r-release-macos-x86_64, r-release-windows-x86_64
Version: 1.7.9
Check: for unstated dependencies in ‘demo’
Result: NOTE
'library' or 'require' call not declared from: ‘selectr’
Flavors: r-devel-linux-x86_64-debian-clang, r-devel-linux-x86_64-debian-gcc
These binaries (installable software) and packages are in development.
They may not be fully stable and should be used with caution. We make no claims about them.