Last updated on 2024-07-27 15:50:32 CEST.
Flavor | Version | Tinstall | Tcheck | Ttotal | Status | Flags |
---|---|---|---|---|---|---|
r-devel-linux-x86_64-debian-clang | 1.7.9 | 4.57 | 49.52 | 54.09 | NOTE | |
r-devel-linux-x86_64-debian-gcc | 1.7.9 | NOTE | ||||
r-devel-linux-x86_64-fedora-clang | 1.7.9 | 70.77 | NOTE | |||
r-devel-linux-x86_64-fedora-gcc | 1.7.9 | 82.34 | NOTE | |||
r-devel-windows-x86_64 | 1.7.9 | 5.00 | 58.00 | 63.00 | NOTE | |
r-patched-linux-x86_64 | 1.7.9 | NOTE | ||||
r-release-linux-x86_64 | 1.7.9 | 4.97 | 47.27 | 52.24 | NOTE | |
r-release-macos-arm64 | 1.7.9 | 31.00 | NOTE | |||
r-release-macos-x86_64 | 1.7.9 | 47.00 | NOTE | |||
r-release-windows-x86_64 | 1.7.9 | 5.00 | 58.00 | 63.00 | NOTE | |
r-oldrel-macos-arm64 | 1.7.9 | 35.00 | OK | |||
r-oldrel-macos-x86_64 | 1.7.9 | 48.00 | OK | |||
r-oldrel-windows-x86_64 | 1.7.9 | 7.00 | 63.00 | 70.00 | OK |
Version: 1.7.9
Check: Rd files
Result: NOTE
checkRd: (-1) remoteDriver-class.Rd:39-40: Lost braces
39 | browser being used; should be one of {chrome|firefox|htmlunit|
| ^
checkRd: (-1) remoteDriver-class.Rd:50: Lost braces; missing escapes or markup?
50 | of {WINDOWS|XP|VISTA|MAC|LINUX|UNIX}. When requesting a new session,
| ^
checkRd: (-1) remoteDriver-class.Rd:194-196: Lost braces
194 | element, available schemes: {"class name", "css selector",
| ^
checkRd: (-1) webElement-class.Rd:50-52: Lost braces
50 | element, available schemes: {"class name", "css selector",
| ^
checkRd: (-1) webElement-class.Rd:67-69: Lost braces
67 | element, available schemes: {"class name", "css selector",
| ^
Flavors: r-devel-linux-x86_64-debian-clang, r-devel-linux-x86_64-debian-gcc, r-devel-linux-x86_64-fedora-clang, r-devel-linux-x86_64-fedora-gcc, r-devel-windows-x86_64, r-patched-linux-x86_64, r-release-linux-x86_64, r-release-macos-arm64, r-release-macos-x86_64, r-release-windows-x86_64
These binaries (installable software) and packages are in development.
They may not be fully stable and should be used with caution. We make no claims about them.