CRAN Package Check Results for Package RSentiment

Last updated on 2025-02-23 03:50:53 CET.

Flavor Version Tinstall Tcheck Ttotal Status Flags
r-devel-linux-x86_64-debian-clang 2.2.2 2.49 29.72 32.21 OK
r-devel-linux-x86_64-debian-gcc 2.2.2 1.82 23.80 25.62 OK
r-devel-linux-x86_64-fedora-clang 2.2.2 56.27 OK
r-devel-linux-x86_64-fedora-gcc 2.2.2 66.72 OK
r-devel-macos-arm64 2.2.2 26.00 OK
r-devel-macos-x86_64 2.2.2 47.00 OK
r-devel-windows-x86_64 2.2.2 4.00 48.00 52.00 OK
r-patched-linux-x86_64 2.2.2 2.53 28.95 31.48 NOTE
r-release-linux-x86_64 2.2.2 2.44 28.37 30.81 NOTE
r-release-macos-arm64 2.2.2 25.00 NOTE
r-release-macos-x86_64 2.2.2 35.00 NOTE
r-release-windows-x86_64 2.2.2 4.00 49.00 53.00 NOTE
r-oldrel-macos-arm64 2.2.2 24.00 NOTE
r-oldrel-macos-x86_64 2.2.2 32.00 NOTE
r-oldrel-windows-x86_64 2.2.2 5.00 52.00 57.00 NOTE

Check Details

Version: 2.2.2
Check: LazyData
Result: NOTE 'LazyData' is specified without a 'data' directory Flavors: r-patched-linux-x86_64, r-release-linux-x86_64, r-release-macos-arm64, r-release-macos-x86_64, r-release-windows-x86_64, r-oldrel-macos-arm64, r-oldrel-macos-x86_64, r-oldrel-windows-x86_64

These binaries (installable software) and packages are in development.
They may not be fully stable and should be used with caution. We make no claims about them.