Last updated on 2024-07-27 15:50:32 CEST.
Flavor | Version | Tinstall | Tcheck | Ttotal | Status | Flags |
---|---|---|---|---|---|---|
r-devel-linux-x86_64-debian-clang | 1.4.7 | 360.88 | 315.51 | 676.39 | OK | |
r-devel-linux-x86_64-debian-gcc | 1.4.7 | NOTE | ||||
r-devel-linux-x86_64-fedora-clang | 1.4.7 | 1412.39 | OK | |||
r-devel-linux-x86_64-fedora-gcc | 1.4.7 | 972.80 | OK | |||
r-devel-windows-x86_64 | 1.4.7 | 399.00 | 261.00 | 660.00 | NOTE | |
r-patched-linux-x86_64 | 1.4.7 | OK | ||||
r-release-linux-x86_64 | 1.4.7 | 302.72 | 300.49 | 603.21 | OK | |
r-release-macos-arm64 | 1.4.7 | 194.00 | NOTE | |||
r-release-macos-x86_64 | 1.4.7 | 246.00 | NOTE | |||
r-release-windows-x86_64 | 1.4.7 | 380.00 | 244.00 | 624.00 | OK | |
r-oldrel-macos-arm64 | 1.4.7 | 215.00 | NOTE | |||
r-oldrel-macos-x86_64 | 1.4.7 | 331.00 | NOTE | |||
r-oldrel-windows-x86_64 | 1.4.7 | 383.00 | 321.00 | 704.00 | OK |
Version: 1.4.7
Check: Rd cross-references
Result: NOTE
Found the following Rd file(s) with Rd \link{} targets missing package
anchors:
iwlsm.Rd: lqs
plot.sienaTimeTest.Rd: xyplot
sienaDependent.Rd: Matrix
Please provide package anchors for all Rd \link{} targets not in the
package itself and the base packages.
Flavors: r-devel-linux-x86_64-debian-gcc, r-devel-windows-x86_64
Version: 1.4.7
Check: installed package size
Result: NOTE
installed size is 26.4Mb
sub-directories of 1Mb or more:
R 1.1Mb
libs 24.9Mb
Flavors: r-release-macos-arm64, r-release-macos-x86_64, r-oldrel-macos-arm64, r-oldrel-macos-x86_64
These binaries (installable software) and packages are in development.
They may not be fully stable and should be used with caution. We make no claims about them.