CRAN Package Check Results for Package RSmallTelescopes

Last updated on 2025-07-01 17:55:28 CEST.

Flavor Version Tinstall Tcheck Ttotal Status Flags
r-devel-linux-x86_64-debian-clang 1.0.4 1.73 17.63 19.36 OK
r-devel-linux-x86_64-debian-gcc 1.0.4 1.36 15.15 16.51 OK
r-devel-linux-x86_64-fedora-clang 1.0.4 29.45 OK
r-devel-linux-x86_64-fedora-gcc 1.0.4 28.56 OK
r-devel-windows-x86_64 1.0.4 3.00 34.00 37.00 OK
r-patched-linux-x86_64 OK
r-release-linux-x86_64 1.0.4 1.58 16.53 18.11 OK
r-release-macos-arm64 1.0.4 15.00 OK
r-release-macos-x86_64 1.0.4 30.00 OK
r-release-windows-x86_64 1.0.4 5.00 35.00 40.00 OK
r-oldrel-macos-arm64 1.0.4 14.00 NOTE
r-oldrel-macos-x86_64 1.0.4 18.00 NOTE
r-oldrel-windows-x86_64 1.0.4 3.00 35.00 38.00 NOTE

Check Details

Version: 1.0.4
Check: LazyData
Result: NOTE 'LazyData' is specified without a 'data' directory Flavors: r-oldrel-macos-arm64, r-oldrel-macos-x86_64, r-oldrel-windows-x86_64

These binaries (installable software) and packages are in development.
They may not be fully stable and should be used with caution. We make no claims about them.