CRAN Package Check Results for Package RSpectra

Last updated on 2025-07-22 13:49:23 CEST.

Flavor Version Tinstall Tcheck Ttotal Status Flags
r-devel-linux-x86_64-debian-clang 0.16-2 144.51 63.03 207.54 OK
r-devel-linux-x86_64-debian-gcc 0.16-2 131.09 57.83 188.92 OK
r-devel-linux-x86_64-fedora-clang 0.16-2 328.27 OK
r-devel-linux-x86_64-fedora-gcc 0.16-2 446.47 OK
r-devel-windows-x86_64 0.16-2 152.00 103.00 255.00 OK
r-patched-linux-x86_64 0.16-2 180.50 72.61 253.11 OK
r-release-linux-x86_64 0.16-2 172.70 72.24 244.94 OK
r-release-macos-arm64 0.16-2 117.00 OK
r-release-macos-x86_64 0.16-2 146.00 OK
r-release-windows-x86_64 0.16-2 154.00 106.00 260.00 OK
r-oldrel-macos-arm64 0.16-2 104.00 NOTE
r-oldrel-macos-x86_64 0.16-2 213.00 NOTE
r-oldrel-windows-x86_64 0.16-2 189.00 129.00 318.00 OK

Check Details

Version: 0.16-2
Check: installed package size
Result: NOTE installed size is 46.6Mb sub-directories of 1Mb or more: libs 46.0Mb Flavors: r-oldrel-macos-arm64, r-oldrel-macos-x86_64

These binaries (installable software) and packages are in development.
They may not be fully stable and should be used with caution. We make no claims about them.