Last updated on 2025-10-23 17:51:01 CEST.
Flavor | Version | Tinstall | Tcheck | Ttotal | Status | Flags |
---|---|---|---|---|---|---|
r-devel-linux-x86_64-debian-clang | 0.3.0 | 38.31 | 192.25 | 230.56 | OK | |
r-devel-linux-x86_64-debian-gcc | 0.3.0 | 26.23 | 134.96 | 161.19 | OK | |
r-devel-linux-x86_64-fedora-clang | 0.3.0 | 84.00 | 275.83 | 359.83 | OK | |
r-devel-linux-x86_64-fedora-gcc | 0.3.0 | 71.00 | 278.15 | 349.15 | OK | |
r-devel-windows-x86_64 | 0.3.0 | 32.00 | 173.00 | 205.00 | OK | |
r-patched-linux-x86_64 | 0.3.0 | 40.59 | 183.63 | 224.22 | OK | |
r-release-linux-x86_64 | 0.3.0 | 39.09 | 183.81 | 222.90 | OK | |
r-release-macos-arm64 | 0.3.0 | 13.00 | 64.00 | 77.00 | OK | |
r-release-macos-x86_64 | 0.3.0 | 28.00 | 142.00 | 170.00 | OK | |
r-release-windows-x86_64 | 0.3.0 | 32.00 | 170.00 | 202.00 | OK | |
r-oldrel-macos-arm64 | 0.3.0 | 12.00 | 69.00 | 81.00 | NOTE | |
r-oldrel-macos-x86_64 | 0.3.0 | 27.00 | 152.00 | 179.00 | NOTE | |
r-oldrel-windows-x86_64 | 0.3.0 | 44.00 | 218.00 | 262.00 | NOTE |
Version: 0.3.0
Check: package dependencies
Result: NOTE
Package suggested but not available for checking: ‘cmdstanr’
Flavors: r-oldrel-macos-arm64, r-oldrel-macos-x86_64, r-oldrel-windows-x86_64
These binaries (installable software) and packages are in development.
They may not be fully stable and should be used with caution. We make no claims about them.