Last updated on 2025-05-01 08:52:45 CEST.
Flavor | Version | Tinstall | Tcheck | Ttotal | Status | Flags |
---|---|---|---|---|---|---|
r-devel-linux-x86_64-debian-clang | 1.0.2.1 | 109.84 | 506.77 | 616.61 | NOTE | |
r-devel-linux-x86_64-debian-gcc | 1.0.2.1 | 77.85 | 328.78 | 406.63 | OK | |
r-devel-linux-x86_64-fedora-clang | 1.0.2.1 | 1016.88 | OK | |||
r-devel-linux-x86_64-fedora-gcc | 1.0.2.1 | 961.14 | OK | |||
r-devel-windows-x86_64 | 1.0.2.1 | 120.00 | 451.00 | 571.00 | OK | |
r-patched-linux-x86_64 | 1.0.2.1 | 106.09 | 475.25 | 581.34 | OK | |
r-release-linux-x86_64 | OK | |||||
r-release-macos-arm64 | 1.0.2.1 | 261.00 | OK | |||
r-release-macos-x86_64 | 1.0.2.1 | 322.00 | OK | |||
r-release-windows-x86_64 | 1.0.2.1 | 122.00 | 448.00 | 570.00 | OK | |
r-oldrel-macos-arm64 | 1.0.2.1 | 186.00 | NOTE | |||
r-oldrel-macos-x86_64 | 1.0.2.1 | 394.00 | NOTE | |||
r-oldrel-windows-x86_64 | 1.0.2.1 | 148.00 | 607.00 | 755.00 | OK |
Version: 1.0.2.1
Check: examples
Result: NOTE
Examples with CPU (user + system) or elapsed time > 5s
user system elapsed
validateMap 4.902 0.044 6.5
Flavor: r-devel-linux-x86_64-debian-clang
Version: 1.0.2.1
Check: installed package size
Result: NOTE
installed size is 6.4Mb
sub-directories of 1Mb or more:
external 1.6Mb
libs 4.3Mb
Flavors: r-oldrel-macos-arm64, r-oldrel-macos-x86_64
These binaries (installable software) and packages are in development.
They may not be fully stable and should be used with caution. We make no claims about them.