Last updated on 2025-07-17 01:50:00 CEST.
Flavor | Version | Tinstall | Tcheck | Ttotal | Status | Flags |
---|---|---|---|---|---|---|
r-devel-linux-x86_64-debian-clang | 1.0.2.1 | 111.89 | 504.04 | 615.93 | OK | |
r-devel-linux-x86_64-debian-gcc | 1.0.2.1 | 76.96 | 326.33 | 403.29 | OK | |
r-devel-linux-x86_64-fedora-clang | 1.0.2.1 | 1010.83 | OK | |||
r-devel-linux-x86_64-fedora-gcc | 1.0.2.1 | 943.90 | OK | |||
r-devel-windows-x86_64 | 1.0.2.1 | 118.00 | 427.00 | 545.00 | OK | |
r-patched-linux-x86_64 | 1.0.2.1 | 111.57 | 473.24 | 584.81 | OK | |
r-release-linux-x86_64 | 1.0.2.1 | 107.83 | 473.63 | 581.46 | OK | |
r-release-macos-arm64 | 1.0.2.1 | 261.00 | OK | |||
r-release-macos-x86_64 | 1.0.2.1 | 322.00 | OK | |||
r-release-windows-x86_64 | 1.0.2.1 | 120.00 | 427.00 | 547.00 | OK | |
r-oldrel-macos-arm64 | 1.0.2.1 | 186.00 | NOTE | |||
r-oldrel-macos-x86_64 | 1.0.2.1 | 394.00 | NOTE | |||
r-oldrel-windows-x86_64 | 1.0.2.1 | 155.00 | 582.00 | 737.00 | OK |
Version: 1.0.2.1
Check: installed package size
Result: NOTE
installed size is 6.4Mb
sub-directories of 1Mb or more:
external 1.6Mb
libs 4.3Mb
Flavors: r-oldrel-macos-arm64, r-oldrel-macos-x86_64
These binaries (installable software) and packages are in development.
They may not be fully stable and should be used with caution. We make no claims about them.