CRAN Package Check Results for Package RSurveillance

Last updated on 2025-02-16 10:50:57 CET.

Flavor Version Tinstall Tcheck Ttotal Status Flags
r-devel-linux-x86_64-debian-clang 0.2.1 3.59 39.00 42.59 OK
r-devel-linux-x86_64-debian-gcc 0.2.1 2.68 28.40 31.08 OK
r-devel-linux-x86_64-fedora-clang 0.2.1 72.10 NOTE
r-devel-linux-x86_64-fedora-gcc 0.2.1 63.32 NOTE
r-devel-macos-arm64 0.2.1 24.00 OK
r-devel-macos-x86_64 0.2.1 39.00 OK
r-devel-windows-x86_64 0.2.1 6.00 70.00 76.00 OK
r-patched-linux-x86_64 0.2.1 4.43 36.68 41.11 OK
r-release-linux-x86_64 0.2.1 3.15 37.42 40.57 OK
r-release-macos-arm64 0.2.1 23.00 OK
r-release-macos-x86_64 0.2.1 33.00 OK
r-release-windows-x86_64 0.2.1 6.00 70.00 76.00 OK
r-oldrel-macos-arm64 0.2.1 26.00 OK
r-oldrel-macos-x86_64 0.2.1 37.00 OK
r-oldrel-windows-x86_64 0.2.1 7.00 76.00 83.00 OK

Check Details

Version: 0.2.1
Check: dependencies in R code
Result: NOTE Namespace in Imports field not imported from: ‘mc2d’ All declared Imports should be used. Flavors: r-devel-linux-x86_64-fedora-clang, r-devel-linux-x86_64-fedora-gcc

These binaries (installable software) and packages are in development.
They may not be fully stable and should be used with caution. We make no claims about them.